{"id":3623,"date":"2020-02-12T17:14:16","date_gmt":"2020-02-12T16:14:16","guid":{"rendered":"https:\/\/www.masferranpals.com\/?page_id=3623"},"modified":"2020-05-08T22:28:37","modified_gmt":"2020-05-08T21:28:37","slug":"platja-gran-de-pals-pals","status":"publish","type":"page","link":"https:\/\/www.masferranpals.com\/es\/playas\/platja-gran-de-pals-pals\/","title":{"rendered":"PLATJA GRAN DE PALS, Pals"},"content":{"rendered":"\n<style type=\"text\/css\" data-created_by=\"avia_inline_auto\" id=\"style-css-av-cctim-6bc23355add449a9ab9f1d61b3fc125f\">\n.flex_column.av-cctim-6bc23355add449a9ab9f1d61b3fc125f{\nborder-radius:0px 0px 0px 0px;\npadding:0px 0px 0px 0px;\n}\n<\/style>\n<div  class='flex_column av-cctim-6bc23355add449a9ab9f1d61b3fc125f av_one_full  avia-builder-el-0  el_before_av_three_fifth  avia-builder-el-first  first flex_column_div av-zero-column-padding  '     ><style type=\"text\/css\" data-created_by=\"avia_inline_auto\" id=\"style-css-av-k90ljt4l-3ea242e1504f4f8d78ae33c1b26aeba1\">\n#top .av-special-heading.av-k90ljt4l-3ea242e1504f4f8d78ae33c1b26aeba1{\npadding-bottom:5px;\n}\nbody .av-special-heading.av-k90ljt4l-3ea242e1504f4f8d78ae33c1b26aeba1 .av-special-heading-tag .heading-char{\nfont-size:25px;\n}\n.av-special-heading.av-k90ljt4l-3ea242e1504f4f8d78ae33c1b26aeba1 .av-subheading{\nfont-size:15px;\n}\n<\/style>\n<div  class='av-special-heading av-k90ljt4l-3ea242e1504f4f8d78ae33c1b26aeba1 av-special-heading-h1  avia-builder-el-1  avia-builder-el-no-sibling  av-linked-heading'><h1 class='av-special-heading-tag '  itemprop=\"headline\"  >PLAYA DE PALS, Pals<\/h1><div class=\"special-heading-border\"><div class=\"special-heading-inner-border\"><\/div><\/div><\/div><\/div>\n\n<style type=\"text\/css\" data-created_by=\"avia_inline_auto\" id=\"style-css-av-1qp42-dd2f184ed8b74bf9d1baeb6ae2f44109\">\n.flex_column.av-1qp42-dd2f184ed8b74bf9d1baeb6ae2f44109{\nborder-radius:0px 0px 0px 0px;\npadding:0px 0px 0px 0px;\n}\n<\/style>\n<div  class='flex_column av-1qp42-dd2f184ed8b74bf9d1baeb6ae2f44109 av_three_fifth  avia-builder-el-2  el_after_av_one_full  el_before_av_two_fifth  first flex_column_div av-zero-column-padding  column-top-margin'     ><section  class='av_textblock_section av-asgcm-90f7fc53c1727e0ec304c8a74233f53d '   itemscope=\"itemscope\" itemtype=\"https:\/\/schema.org\/CreativeWork\" ><div class='avia_textblock'  itemprop=\"text\" ><p><strong>Playa inmensa, con m\u00e1s de 2,4 km. de longitud<\/strong>, que combina una zona m\u00e1s urbanizada y con numerosos servicios con otra de pr\u00e1cticamente virgen, en la que destacan las dunas y los itinerarios que podemos hacer a pie o en bicicleta. Aqu\u00ed hab\u00eda habido hasta hace pocos a\u00f1os las antenas de Radio Liberty, que el gobierno estadounidense us\u00f3 durante la guerra fr\u00eda para emitir propaganda hacia los pa\u00edses comunistas del bloque de la Uni\u00f3n Sovi\u00e9tica. Ahora, ya sin las antenas, este espacio ha quedado preservado de la especulaci\u00f3n urban\u00edstica y es un entorno natural.<\/p>\n<p>Est\u00e1 expuesta a las olas y con una fuerte pendiente de entrada al agua. La playa forma una continuidad con la del Grau, de Pals, y la del Rac\u00f3, de Begur.<\/p>\n<p>El aparcamiento m\u00e1s cercano es de pago.<\/p>\n<\/div><\/section><\/div>\n\n<style type=\"text\/css\" data-created_by=\"avia_inline_auto\" id=\"style-css-av-qj12-2f81ef96171b8e1f27e1205f17309016\">\n.flex_column.av-qj12-2f81ef96171b8e1f27e1205f17309016{\nborder-radius:0px 0px 0px 0px;\npadding:0px 0px 0px 0px;\n}\n<\/style>\n<div  class='flex_column av-qj12-2f81ef96171b8e1f27e1205f17309016 av_two_fifth  avia-builder-el-4  el_after_av_three_fifth  avia-builder-el-last  flex_column_div av-zero-column-padding  column-top-margin'     ><p>\n<style type=\"text\/css\" data-created_by=\"avia_inline_auto\" id=\"style-css-av-k9ypon37-c25fa76014eb8105a09de46aba3246df\">\n#top .hr.hr-invisible.av-k9ypon37-c25fa76014eb8105a09de46aba3246df{\nheight:10px;\n}\n<\/style>\n<div  class='hr av-k9ypon37-c25fa76014eb8105a09de46aba3246df hr-invisible  avia-builder-el-5  el_before_av_image  avia-builder-el-first '><span class='hr-inner '><span class=\"hr-inner-style\"><\/span><\/span><\/div><br \/>\n\n<style type=\"text\/css\" data-created_by=\"avia_inline_auto\" id=\"style-css-av-k6j0bfin-b0ecd1847a1e817fdf51ae0c534b3d4b\">\n.avia-image-container.av-k6j0bfin-b0ecd1847a1e817fdf51ae0c534b3d4b img.avia_image{\nbox-shadow:none;\n}\n.avia-image-container.av-k6j0bfin-b0ecd1847a1e817fdf51ae0c534b3d4b .av-image-caption-overlay-center{\ncolor:#ffffff;\n}\n<\/style>\n<div  class='avia-image-container av-k6j0bfin-b0ecd1847a1e817fdf51ae0c534b3d4b av-styling- avia-align-center  avia-builder-el-6  el_after_av_hr  avia-builder-el-last '   itemprop=\"image\" itemscope=\"itemscope\" itemtype=\"https:\/\/schema.org\/ImageObject\" ><div class=\"avia-image-container-inner\"><div class=\"avia-image-overlay-wrap\"><img decoding=\"async\" fetchpriority=\"high\" class='wp-image-3155 avia-img-lazy-loading-not-3155 avia_image ' src=\"https:\/\/www.masferranpals.com\/wp-content\/uploads\/2020\/02\/platja-gran-de-pals-1-495x363.jpg\" alt='Platja gran de Pals' title='Platja gran de Pals'  height=\"363\" width=\"495\"  itemprop=\"thumbnailUrl\"  \/><\/div><\/div><\/div><\/p><\/div>\n","protected":false},"excerpt":{"rendered":"","protected":false},"author":4,"featured_media":0,"parent":3502,"menu_order":0,"comment_status":"closed","ping_status":"closed","template":"","meta":{"footnotes":""},"class_list":["post-3623","page","type-page","status-publish","hentry"],"yoast_head":"<!-- This site is optimized with the Yoast SEO plugin v27.0 - https:\/\/yoast.com\/product\/yoast-seo-wordpress\/ -->\n<title>PLATJA GRAN DE PALS, Pals - Mas Ferran Pals<\/title>\n<meta name=\"robots\" content=\"index, follow, max-snippet:-1, max-image-preview:large, max-video-preview:-1\" \/>\n<link rel=\"canonical\" href=\"https:\/\/www.masferranpals.com\/es\/playas\/platja-gran-de-pals-pals\/\" \/>\n<meta property=\"og:locale\" content=\"es_ES\" \/>\n<meta property=\"og:type\" content=\"article\" \/>\n<meta property=\"og:title\" content=\"PLATJA GRAN DE PALS, Pals - Mas Ferran Pals\" \/>\n<meta property=\"og:url\" content=\"https:\/\/www.masferranpals.com\/es\/playas\/platja-gran-de-pals-pals\/\" \/>\n<meta property=\"og:site_name\" content=\"Mas Ferran Pals\" \/>\n<meta property=\"article:modified_time\" content=\"2020-05-08T21:28:37+00:00\" \/>\n<meta name=\"twitter:card\" content=\"summary_large_image\" \/>\n<meta name=\"twitter:label1\" content=\"Tiempo de lectura\" \/>\n\t<meta name=\"twitter:data1\" content=\"3 minutos\" \/>\n<script type=\"application\/ld+json\" class=\"yoast-schema-graph\">{\"@context\":\"https:\/\/schema.org\",\"@graph\":[{\"@type\":\"WebPage\",\"@id\":\"https:\/\/www.masferranpals.com\/es\/playas\/platja-gran-de-pals-pals\/\",\"url\":\"https:\/\/www.masferranpals.com\/es\/playas\/platja-gran-de-pals-pals\/\",\"name\":\"PLATJA GRAN DE PALS, Pals - Mas Ferran Pals\",\"isPartOf\":{\"@id\":\"https:\/\/www.masferranpals.com\/fr\/#website\"},\"datePublished\":\"2020-02-12T16:14:16+00:00\",\"dateModified\":\"2020-05-08T21:28:37+00:00\",\"breadcrumb\":{\"@id\":\"https:\/\/www.masferranpals.com\/es\/playas\/platja-gran-de-pals-pals\/#breadcrumb\"},\"inLanguage\":\"es\",\"potentialAction\":[{\"@type\":\"ReadAction\",\"target\":[\"https:\/\/www.masferranpals.com\/es\/playas\/platja-gran-de-pals-pals\/\"]}]},{\"@type\":\"BreadcrumbList\",\"@id\":\"https:\/\/www.masferranpals.com\/es\/playas\/platja-gran-de-pals-pals\/#breadcrumb\",\"itemListElement\":[{\"@type\":\"ListItem\",\"position\":1,\"name\":\"Home\",\"item\":\"https:\/\/www.masferranpals.com\/es\/\"},{\"@type\":\"ListItem\",\"position\":2,\"name\":\"Playas\",\"item\":\"https:\/\/www.masferranpals.com\/es\/playas\/\"},{\"@type\":\"ListItem\",\"position\":3,\"name\":\"PLATJA GRAN DE PALS, Pals\"}]},{\"@type\":\"WebSite\",\"@id\":\"https:\/\/www.masferranpals.com\/fr\/#website\",\"url\":\"https:\/\/www.masferranpals.com\/fr\/\",\"name\":\"Mas Ferran Pals\",\"description\":\"Habitacions en un espai privilegiat a l\u2019Empord\u00e0.\",\"potentialAction\":[{\"@type\":\"SearchAction\",\"target\":{\"@type\":\"EntryPoint\",\"urlTemplate\":\"https:\/\/www.masferranpals.com\/fr\/?s={search_term_string}\"},\"query-input\":{\"@type\":\"PropertyValueSpecification\",\"valueRequired\":true,\"valueName\":\"search_term_string\"}}],\"inLanguage\":\"es\"}]}<\/script>\n<!-- \/ Yoast SEO plugin. -->","yoast_head_json":{"title":"PLATJA GRAN DE PALS, Pals - Mas Ferran Pals","robots":{"index":"index","follow":"follow","max-snippet":"max-snippet:-1","max-image-preview":"max-image-preview:large","max-video-preview":"max-video-preview:-1"},"canonical":"https:\/\/www.masferranpals.com\/es\/playas\/platja-gran-de-pals-pals\/","og_locale":"es_ES","og_type":"article","og_title":"PLATJA GRAN DE PALS, Pals - Mas Ferran Pals","og_url":"https:\/\/www.masferranpals.com\/es\/playas\/platja-gran-de-pals-pals\/","og_site_name":"Mas Ferran Pals","article_modified_time":"2020-05-08T21:28:37+00:00","twitter_card":"summary_large_image","twitter_misc":{"Tiempo de lectura":"3 minutos"},"schema":{"@context":"https:\/\/schema.org","@graph":[{"@type":"WebPage","@id":"https:\/\/www.masferranpals.com\/es\/playas\/platja-gran-de-pals-pals\/","url":"https:\/\/www.masferranpals.com\/es\/playas\/platja-gran-de-pals-pals\/","name":"PLATJA GRAN DE PALS, Pals - Mas Ferran Pals","isPartOf":{"@id":"https:\/\/www.masferranpals.com\/fr\/#website"},"datePublished":"2020-02-12T16:14:16+00:00","dateModified":"2020-05-08T21:28:37+00:00","breadcrumb":{"@id":"https:\/\/www.masferranpals.com\/es\/playas\/platja-gran-de-pals-pals\/#breadcrumb"},"inLanguage":"es","potentialAction":[{"@type":"ReadAction","target":["https:\/\/www.masferranpals.com\/es\/playas\/platja-gran-de-pals-pals\/"]}]},{"@type":"BreadcrumbList","@id":"https:\/\/www.masferranpals.com\/es\/playas\/platja-gran-de-pals-pals\/#breadcrumb","itemListElement":[{"@type":"ListItem","position":1,"name":"Home","item":"https:\/\/www.masferranpals.com\/es\/"},{"@type":"ListItem","position":2,"name":"Playas","item":"https:\/\/www.masferranpals.com\/es\/playas\/"},{"@type":"ListItem","position":3,"name":"PLATJA GRAN DE PALS, Pals"}]},{"@type":"WebSite","@id":"https:\/\/www.masferranpals.com\/fr\/#website","url":"https:\/\/www.masferranpals.com\/fr\/","name":"Mas Ferran Pals","description":"Habitacions en un espai privilegiat a l\u2019Empord\u00e0.","potentialAction":[{"@type":"SearchAction","target":{"@type":"EntryPoint","urlTemplate":"https:\/\/www.masferranpals.com\/fr\/?s={search_term_string}"},"query-input":{"@type":"PropertyValueSpecification","valueRequired":true,"valueName":"search_term_string"}}],"inLanguage":"es"}]}},"_links":{"self":[{"href":"https:\/\/www.masferranpals.com\/es\/wp-json\/wp\/v2\/pages\/3623","targetHints":{"allow":["GET"]}}],"collection":[{"href":"https:\/\/www.masferranpals.com\/es\/wp-json\/wp\/v2\/pages"}],"about":[{"href":"https:\/\/www.masferranpals.com\/es\/wp-json\/wp\/v2\/types\/page"}],"author":[{"embeddable":true,"href":"https:\/\/www.masferranpals.com\/es\/wp-json\/wp\/v2\/users\/4"}],"replies":[{"embeddable":true,"href":"https:\/\/www.masferranpals.com\/es\/wp-json\/wp\/v2\/comments?post=3623"}],"version-history":[{"count":7,"href":"https:\/\/www.masferranpals.com\/es\/wp-json\/wp\/v2\/pages\/3623\/revisions"}],"predecessor-version":[{"id":7243,"href":"https:\/\/www.masferranpals.com\/es\/wp-json\/wp\/v2\/pages\/3623\/revisions\/7243"}],"up":[{"embeddable":true,"href":"https:\/\/www.masferranpals.com\/es\/wp-json\/wp\/v2\/pages\/3502"}],"wp:attachment":[{"href":"https:\/\/www.masferranpals.com\/es\/wp-json\/wp\/v2\/media?parent=3623"}],"curies":[{"name":"wp","href":"https:\/\/api.w.org\/{rel}","templated":true}]}}

<style type="text/css" data-created_by="avia_inline_auto" id="style-css-av-cctim-6bc23355add449a9ab9f1d61b3fc125f">
.flex_column.av-cctim-6bc23355add449a9ab9f1d61b3fc125f{
border-radius:0px 0px 0px 0px;
padding:0px 0px 0px 0px;
}
</style>
<div  class='flex_column av-cctim-6bc23355add449a9ab9f1d61b3fc125f av_one_full  avia-builder-el-0  el_before_av_three_fifth  avia-builder-el-first  first flex_column_div av-zero-column-padding  '     ><style type="text/css" data-created_by="avia_inline_auto" id="style-css-av-k90ljt4l-3ea242e1504f4f8d78ae33c1b26aeba1">
#top .av-special-heading.av-k90ljt4l-3ea242e1504f4f8d78ae33c1b26aeba1{
padding-bottom:5px;
}
body .av-special-heading.av-k90ljt4l-3ea242e1504f4f8d78ae33c1b26aeba1 .av-special-heading-tag .heading-char{
font-size:25px;
}
.av-special-heading.av-k90ljt4l-3ea242e1504f4f8d78ae33c1b26aeba1 .av-subheading{
font-size:15px;
}
</style>
<div  class='av-special-heading av-k90ljt4l-3ea242e1504f4f8d78ae33c1b26aeba1 av-special-heading-h1  avia-builder-el-1  avia-builder-el-no-sibling  av-linked-heading'><h1 class='av-special-heading-tag '  itemprop="headline"  >PLAYA DE PALS, Pals</h1><div class="special-heading-border"><div class="special-heading-inner-border"></div></div></div></div>

<style type="text/css" data-created_by="avia_inline_auto" id="style-css-av-1qp42-dd2f184ed8b74bf9d1baeb6ae2f44109">
.flex_column.av-1qp42-dd2f184ed8b74bf9d1baeb6ae2f44109{
border-radius:0px 0px 0px 0px;
padding:0px 0px 0px 0px;
}
</style>
<div  class='flex_column av-1qp42-dd2f184ed8b74bf9d1baeb6ae2f44109 av_three_fifth  avia-builder-el-2  el_after_av_one_full  el_before_av_two_fifth  first flex_column_div av-zero-column-padding  column-top-margin'     ><section  class='av_textblock_section av-asgcm-90f7fc53c1727e0ec304c8a74233f53d '   itemscope="itemscope" itemtype="https://schema.org/CreativeWork" ><div class='avia_textblock'  itemprop="text" ><p><strong>Playa inmensa, con más de 2,4 km. de longitud</strong>, que combina una zona más urbanizada y con numerosos servicios con otra de prácticamente virgen, en la que destacan las dunas y los itinerarios que podemos hacer a pie o en bicicleta. Aquí había habido hasta hace pocos años las antenas de Radio Liberty, que el gobierno estadounidense usó durante la guerra fría para emitir propaganda hacia los países comunistas del bloque de la Unión Soviética. Ahora, ya sin las antenas, este espacio ha quedado preservado de la especulación urbanística y es un entorno natural.</p>
<p>Está expuesta a las olas y con una fuerte pendiente de entrada al agua. La playa forma una continuidad con la del Grau, de Pals, y la del Racó, de Begur.</p>
<p>El aparcamiento más cercano es de pago.</p>
</div></section></div>

<style type="text/css" data-created_by="avia_inline_auto" id="style-css-av-qj12-2f81ef96171b8e1f27e1205f17309016">
.flex_column.av-qj12-2f81ef96171b8e1f27e1205f17309016{
border-radius:0px 0px 0px 0px;
padding:0px 0px 0px 0px;
}
</style>
<div  class='flex_column av-qj12-2f81ef96171b8e1f27e1205f17309016 av_two_fifth  avia-builder-el-4  el_after_av_three_fifth  avia-builder-el-last  flex_column_div av-zero-column-padding  column-top-margin'     ><p>
<style type="text/css" data-created_by="avia_inline_auto" id="style-css-av-k9ypon37-c25fa76014eb8105a09de46aba3246df">
#top .hr.hr-invisible.av-k9ypon37-c25fa76014eb8105a09de46aba3246df{
height:10px;
}
</style>
<div  class='hr av-k9ypon37-c25fa76014eb8105a09de46aba3246df hr-invisible  avia-builder-el-5  el_before_av_image  avia-builder-el-first '><span class='hr-inner '><span class="hr-inner-style"></span></span></div><br />

<style type="text/css" data-created_by="avia_inline_auto" id="style-css-av-k6j0bfin-b0ecd1847a1e817fdf51ae0c534b3d4b">
.avia-image-container.av-k6j0bfin-b0ecd1847a1e817fdf51ae0c534b3d4b img.avia_image{
box-shadow:none;
}
.avia-image-container.av-k6j0bfin-b0ecd1847a1e817fdf51ae0c534b3d4b .av-image-caption-overlay-center{
color:#ffffff;
}
</style>
<div  class='avia-image-container av-k6j0bfin-b0ecd1847a1e817fdf51ae0c534b3d4b av-styling- avia-align-center  avia-builder-el-6  el_after_av_hr  avia-builder-el-last '   itemprop="image" itemscope="itemscope" itemtype="https://schema.org/ImageObject" ><div class="avia-image-container-inner"><div class="avia-image-overlay-wrap"><img decoding="async" fetchpriority="high" class='wp-image-3155 avia-img-lazy-loading-not-3155 avia_image ' src="https://www.masferranpals.com/wp-content/uploads/2020/02/platja-gran-de-pals-1-495x363.jpg" alt='Platja gran de Pals' title='Platja gran de Pals'  height="363" width="495"  itemprop="thumbnailUrl"  /></div></div></div></p></div>

<!-- This site is optimized with the Yoast SEO plugin v27.0 - https://yoast.com/product/yoast-seo-wordpress/ -->
<title>PLATJA GRAN DE PALS, Pals - Mas Ferran Pals</title>
<meta name="robots" content="index, follow, max-snippet:-1, max-image-preview:large, max-video-preview:-1" />
<link rel="canonical" href="https://www.masferranpals.com/es/playas/platja-gran-de-pals-pals/" />
<meta property="og:locale" content="es_ES" />
<meta property="og:type" content="article" />
<meta property="og:title" content="PLATJA GRAN DE PALS, Pals - Mas Ferran Pals" />
<meta property="og:url" content="https://www.masferranpals.com/es/playas/platja-gran-de-pals-pals/" />
<meta property="og:site_name" content="Mas Ferran Pals" />
<meta property="article:modified_time" content="2020-05-08T21:28:37+00:00" />
<meta name="twitter:card" content="summary_large_image" />
<meta name="twitter:label1" content="Tiempo de lectura" />
	<meta name="twitter:data1" content="3 minutos" />
<script type="application/ld+json" class="yoast-schema-graph">{"@context":"https://schema.org","@graph":[{"@type":"WebPage","@id":"https://www.masferranpals.com/es/playas/platja-gran-de-pals-pals/","url":"https://www.masferranpals.com/es/playas/platja-gran-de-pals-pals/","name":"PLATJA GRAN DE PALS, Pals - Mas Ferran Pals","isPartOf":{"@id":"https://www.masferranpals.com/fr/#website"},"datePublished":"2020-02-12T16:14:16+00:00","dateModified":"2020-05-08T21:28:37+00:00","breadcrumb":{"@id":"https://www.masferranpals.com/es/playas/platja-gran-de-pals-pals/#breadcrumb"},"inLanguage":"es","potentialAction":[{"@type":"ReadAction","target":["https://www.masferranpals.com/es/playas/platja-gran-de-pals-pals/"]}]},{"@type":"BreadcrumbList","@id":"https://www.masferranpals.com/es/playas/platja-gran-de-pals-pals/#breadcrumb","itemListElement":[{"@type":"ListItem","position":1,"name":"Home","item":"https://www.masferranpals.com/es/"},{"@type":"ListItem","position":2,"name":"Playas","item":"https://www.masferranpals.com/es/playas/"},{"@type":"ListItem","position":3,"name":"PLATJA GRAN DE PALS, Pals"}]},{"@type":"WebSite","@id":"https://www.masferranpals.com/fr/#website","url":"https://www.masferranpals.com/fr/","name":"Mas Ferran Pals","description":"Habitacions en un espai privilegiat a l’Empordà.","potentialAction":[{"@type":"SearchAction","target":{"@type":"EntryPoint","urlTemplate":"https://www.masferranpals.com/fr/?s={search_term_string}"},"query-input":{"@type":"PropertyValueSpecification","valueRequired":true,"valueName":"search_term_string"}}],"inLanguage":"es"}]}</script>
<!-- / Yoast SEO plugin. -->

Habitacions en un espai privilegiat a l’Empordà.
