{"id":3386,"date":"2020-02-12T14:01:54","date_gmt":"2020-02-12T13:01:54","guid":{"rendered":"https:\/\/www.masferranpals.com\/?page_id=3386"},"modified":"2020-04-29T17:42:16","modified_gmt":"2020-04-29T16:42:16","slug":"el-far-de-sant-sebastia","status":"publish","type":"page","link":"https:\/\/www.masferranpals.com\/fr\/environnement\/el-far-de-sant-sebastia\/","title":{"rendered":"EL FAR DE SANT SEBASTI\u00c0"},"content":{"rendered":"\n<style type=\"text\/css\" data-created_by=\"avia_inline_auto\" id=\"style-css-av-cctim-6bc23355add449a9ab9f1d61b3fc125f\">\n.flex_column.av-cctim-6bc23355add449a9ab9f1d61b3fc125f{\nborder-radius:0px 0px 0px 0px;\npadding:0px 0px 0px 0px;\n}\n<\/style>\n<div  class='flex_column av-cctim-6bc23355add449a9ab9f1d61b3fc125f av_one_full  avia-builder-el-0  el_before_av_one_half  avia-builder-el-first  first flex_column_div av-zero-column-padding  '     ><style type=\"text\/css\" data-created_by=\"avia_inline_auto\" id=\"style-css-av-k93bkk3e-c3ea4bffa6e271a01f230eed0356b14a\">\n#top .av-special-heading.av-k93bkk3e-c3ea4bffa6e271a01f230eed0356b14a{\npadding-bottom:5px;\n}\nbody .av-special-heading.av-k93bkk3e-c3ea4bffa6e271a01f230eed0356b14a .av-special-heading-tag .heading-char{\nfont-size:25px;\n}\n.av-special-heading.av-k93bkk3e-c3ea4bffa6e271a01f230eed0356b14a .av-subheading{\nfont-size:15px;\n}\n<\/style>\n<div  class='av-special-heading av-k93bkk3e-c3ea4bffa6e271a01f230eed0356b14a av-special-heading-h1  avia-builder-el-1  avia-builder-el-no-sibling  av-linked-heading'><h1 class='av-special-heading-tag '  itemprop=\"headline\"  >PHARE DU SANT SEBASTI\u00c0<\/h1><div class=\"special-heading-border\"><div class=\"special-heading-inner-border\"><\/div><\/div><\/div><\/div>\n\n<style type=\"text\/css\" data-created_by=\"avia_inline_auto\" id=\"style-css-av-1qp42-dd2f184ed8b74bf9d1baeb6ae2f44109\">\n.flex_column.av-1qp42-dd2f184ed8b74bf9d1baeb6ae2f44109{\nborder-radius:0px 0px 0px 0px;\npadding:0px 0px 0px 0px;\n}\n<\/style>\n<div  class='flex_column av-1qp42-dd2f184ed8b74bf9d1baeb6ae2f44109 av_one_half  avia-builder-el-2  el_after_av_one_full  el_before_av_one_half  first flex_column_div av-zero-column-padding  column-top-margin'     ><section  class='av_textblock_section av-asgcm-90f7fc53c1727e0ec304c8a74233f53d '   itemscope=\"itemscope\" itemtype=\"https:\/\/schema.org\/CreativeWork\" ><div class='avia_textblock'  itemprop=\"text\" ><p><strong>Le phare du Sant Sebasti\u00e0 a \u00e9t\u00e9 inaugur\u00e9 le 1er octobre 1857, sa lumi\u00e8re atteint jusqu&rsquo;\u00e0 32 milles marins, ce qui en fait le plus puissant de la c\u00f4te catalane<\/strong>.<\/p>\n<p>Il est situ\u00e9 \u00e0 169 m\u00e8tres d&rsquo;altitude et fait partie du complexe monumental de Sant Sebasti\u00e0 de la Guarda. Les r\u00e9formes les plus importantes du b\u00e2timent vont de 1963 \u00e0 juillet 1966, lorsque l&rsquo;ancienne tour a \u00e9t\u00e9 d\u00e9mantel\u00e9e et l&rsquo;actuelle a \u00e9t\u00e9 construite.<\/p>\n<p><strong>Les vues depuis le phare sont spectaculaires!<\/strong><\/p>\n<p>Actuellement, il y a un bar, un h\u00f4tel et un restaurant qui peuvent compl\u00e9ter un apr\u00e8s-midi int\u00e9ressant de visite culturelle.<\/p>\n<\/div><\/section><\/div>\n\n<style type=\"text\/css\" data-created_by=\"avia_inline_auto\" id=\"style-css-av-qj12-2f81ef96171b8e1f27e1205f17309016\">\n.flex_column.av-qj12-2f81ef96171b8e1f27e1205f17309016{\nborder-radius:0px 0px 0px 0px;\npadding:0px 0px 0px 0px;\n}\n<\/style>\n<div  class='flex_column av-qj12-2f81ef96171b8e1f27e1205f17309016 av_one_half  avia-builder-el-4  el_after_av_one_half  avia-builder-el-last  flex_column_div av-zero-column-padding  column-top-margin'     ><style type=\"text\/css\" data-created_by=\"avia_inline_auto\" id=\"style-css-av-k6j0bfin-d63bfba312fd13dfc1c4d572e4be5708\">\n.avia-image-container.av-k6j0bfin-d63bfba312fd13dfc1c4d572e4be5708 img.avia_image{\nbox-shadow:none;\n}\n.avia-image-container.av-k6j0bfin-d63bfba312fd13dfc1c4d572e4be5708 .av-image-caption-overlay-center{\ncolor:#ffffff;\n}\n<\/style>\n<div  class='avia-image-container av-k6j0bfin-d63bfba312fd13dfc1c4d572e4be5708 av-styling- avia-align-center  avia-builder-el-5  avia-builder-el-no-sibling '   itemprop=\"image\" itemscope=\"itemscope\" itemtype=\"https:\/\/schema.org\/ImageObject\" ><div class=\"avia-image-container-inner\"><div class=\"avia-image-overlay-wrap\"><img decoding=\"async\" fetchpriority=\"high\" class='wp-image-3201 avia-img-lazy-loading-not-3201 avia_image ' src=\"https:\/\/www.masferranpals.com\/wp-content\/uploads\/2020\/02\/el-far-de-sant-sebastia-495x363.jpg\" alt='Far de Sant Sebasti\u00e0' title='Far de Sant Sebasti\u00e0'  height=\"363\" width=\"495\"  itemprop=\"thumbnailUrl\"  \/><\/div><\/div><\/div><\/div>\n","protected":false},"excerpt":{"rendered":"","protected":false},"author":4,"featured_media":0,"parent":3429,"menu_order":0,"comment_status":"closed","ping_status":"closed","template":"","meta":{"footnotes":""},"class_list":["post-3386","page","type-page","status-publish","hentry"],"yoast_head":"<!-- This site is optimized with the Yoast SEO plugin v27.0 - https:\/\/yoast.com\/product\/yoast-seo-wordpress\/ -->\n<title>EL FAR DE SANT SEBASTI\u00c0 - Mas Ferran Pals<\/title>\n<meta name=\"robots\" content=\"index, follow, max-snippet:-1, max-image-preview:large, max-video-preview:-1\" \/>\n<link rel=\"canonical\" href=\"https:\/\/www.masferranpals.com\/fr\/environnement\/el-far-de-sant-sebastia\/\" \/>\n<meta property=\"og:locale\" content=\"fr_FR\" \/>\n<meta property=\"og:type\" content=\"article\" \/>\n<meta property=\"og:title\" content=\"EL FAR DE SANT SEBASTI\u00c0 - Mas Ferran Pals\" \/>\n<meta property=\"og:url\" content=\"https:\/\/www.masferranpals.com\/fr\/environnement\/el-far-de-sant-sebastia\/\" \/>\n<meta property=\"og:site_name\" content=\"Mas Ferran Pals\" \/>\n<meta property=\"article:modified_time\" content=\"2020-04-29T16:42:16+00:00\" \/>\n<meta name=\"twitter:card\" content=\"summary_large_image\" \/>\n<meta name=\"twitter:label1\" content=\"Dur\u00e9e de lecture estim\u00e9e\" \/>\n\t<meta name=\"twitter:data1\" content=\"3 minutes\" \/>\n<script type=\"application\/ld+json\" class=\"yoast-schema-graph\">{\"@context\":\"https:\/\/schema.org\",\"@graph\":[{\"@type\":\"WebPage\",\"@id\":\"https:\/\/www.masferranpals.com\/fr\/environnement\/el-far-de-sant-sebastia\/\",\"url\":\"https:\/\/www.masferranpals.com\/fr\/environnement\/el-far-de-sant-sebastia\/\",\"name\":\"EL FAR DE SANT SEBASTI\u00c0 - Mas Ferran Pals\",\"isPartOf\":{\"@id\":\"https:\/\/www.masferranpals.com\/fr\/#website\"},\"datePublished\":\"2020-02-12T13:01:54+00:00\",\"dateModified\":\"2020-04-29T16:42:16+00:00\",\"breadcrumb\":{\"@id\":\"https:\/\/www.masferranpals.com\/fr\/environnement\/el-far-de-sant-sebastia\/#breadcrumb\"},\"inLanguage\":\"fr-FR\",\"potentialAction\":[{\"@type\":\"ReadAction\",\"target\":[\"https:\/\/www.masferranpals.com\/fr\/environnement\/el-far-de-sant-sebastia\/\"]}]},{\"@type\":\"BreadcrumbList\",\"@id\":\"https:\/\/www.masferranpals.com\/fr\/environnement\/el-far-de-sant-sebastia\/#breadcrumb\",\"itemListElement\":[{\"@type\":\"ListItem\",\"position\":1,\"name\":\"Home\",\"item\":\"https:\/\/www.masferranpals.com\/fr\/\"},{\"@type\":\"ListItem\",\"position\":2,\"name\":\"Environs &#8211; plages\",\"item\":\"https:\/\/www.masferranpals.com\/fr\/environnement\/\"},{\"@type\":\"ListItem\",\"position\":3,\"name\":\"EL FAR DE SANT SEBASTI\u00c0\"}]},{\"@type\":\"WebSite\",\"@id\":\"https:\/\/www.masferranpals.com\/fr\/#website\",\"url\":\"https:\/\/www.masferranpals.com\/fr\/\",\"name\":\"Mas Ferran Pals\",\"description\":\"Habitacions en un espai privilegiat a l\u2019Empord\u00e0.\",\"potentialAction\":[{\"@type\":\"SearchAction\",\"target\":{\"@type\":\"EntryPoint\",\"urlTemplate\":\"https:\/\/www.masferranpals.com\/fr\/?s={search_term_string}\"},\"query-input\":{\"@type\":\"PropertyValueSpecification\",\"valueRequired\":true,\"valueName\":\"search_term_string\"}}],\"inLanguage\":\"fr-FR\"}]}<\/script>\n<!-- \/ Yoast SEO plugin. -->","yoast_head_json":{"title":"EL FAR DE SANT SEBASTI\u00c0 - Mas Ferran Pals","robots":{"index":"index","follow":"follow","max-snippet":"max-snippet:-1","max-image-preview":"max-image-preview:large","max-video-preview":"max-video-preview:-1"},"canonical":"https:\/\/www.masferranpals.com\/fr\/environnement\/el-far-de-sant-sebastia\/","og_locale":"fr_FR","og_type":"article","og_title":"EL FAR DE SANT SEBASTI\u00c0 - Mas Ferran Pals","og_url":"https:\/\/www.masferranpals.com\/fr\/environnement\/el-far-de-sant-sebastia\/","og_site_name":"Mas Ferran Pals","article_modified_time":"2020-04-29T16:42:16+00:00","twitter_card":"summary_large_image","twitter_misc":{"Dur\u00e9e de lecture estim\u00e9e":"3 minutes"},"schema":{"@context":"https:\/\/schema.org","@graph":[{"@type":"WebPage","@id":"https:\/\/www.masferranpals.com\/fr\/environnement\/el-far-de-sant-sebastia\/","url":"https:\/\/www.masferranpals.com\/fr\/environnement\/el-far-de-sant-sebastia\/","name":"EL FAR DE SANT SEBASTI\u00c0 - Mas Ferran Pals","isPartOf":{"@id":"https:\/\/www.masferranpals.com\/fr\/#website"},"datePublished":"2020-02-12T13:01:54+00:00","dateModified":"2020-04-29T16:42:16+00:00","breadcrumb":{"@id":"https:\/\/www.masferranpals.com\/fr\/environnement\/el-far-de-sant-sebastia\/#breadcrumb"},"inLanguage":"fr-FR","potentialAction":[{"@type":"ReadAction","target":["https:\/\/www.masferranpals.com\/fr\/environnement\/el-far-de-sant-sebastia\/"]}]},{"@type":"BreadcrumbList","@id":"https:\/\/www.masferranpals.com\/fr\/environnement\/el-far-de-sant-sebastia\/#breadcrumb","itemListElement":[{"@type":"ListItem","position":1,"name":"Home","item":"https:\/\/www.masferranpals.com\/fr\/"},{"@type":"ListItem","position":2,"name":"Environs &#8211; plages","item":"https:\/\/www.masferranpals.com\/fr\/environnement\/"},{"@type":"ListItem","position":3,"name":"EL FAR DE SANT SEBASTI\u00c0"}]},{"@type":"WebSite","@id":"https:\/\/www.masferranpals.com\/fr\/#website","url":"https:\/\/www.masferranpals.com\/fr\/","name":"Mas Ferran Pals","description":"Habitacions en un espai privilegiat a l\u2019Empord\u00e0.","potentialAction":[{"@type":"SearchAction","target":{"@type":"EntryPoint","urlTemplate":"https:\/\/www.masferranpals.com\/fr\/?s={search_term_string}"},"query-input":{"@type":"PropertyValueSpecification","valueRequired":true,"valueName":"search_term_string"}}],"inLanguage":"fr-FR"}]}},"_links":{"self":[{"href":"https:\/\/www.masferranpals.com\/fr\/wp-json\/wp\/v2\/pages\/3386","targetHints":{"allow":["GET"]}}],"collection":[{"href":"https:\/\/www.masferranpals.com\/fr\/wp-json\/wp\/v2\/pages"}],"about":[{"href":"https:\/\/www.masferranpals.com\/fr\/wp-json\/wp\/v2\/types\/page"}],"author":[{"embeddable":true,"href":"https:\/\/www.masferranpals.com\/fr\/wp-json\/wp\/v2\/users\/4"}],"replies":[{"embeddable":true,"href":"https:\/\/www.masferranpals.com\/fr\/wp-json\/wp\/v2\/comments?post=3386"}],"version-history":[{"count":8,"href":"https:\/\/www.masferranpals.com\/fr\/wp-json\/wp\/v2\/pages\/3386\/revisions"}],"predecessor-version":[{"id":5920,"href":"https:\/\/www.masferranpals.com\/fr\/wp-json\/wp\/v2\/pages\/3386\/revisions\/5920"}],"up":[{"embeddable":true,"href":"https:\/\/www.masferranpals.com\/fr\/wp-json\/wp\/v2\/pages\/3429"}],"wp:attachment":[{"href":"https:\/\/www.masferranpals.com\/fr\/wp-json\/wp\/v2\/media?parent=3386"}],"curies":[{"name":"wp","href":"https:\/\/api.w.org\/{rel}","templated":true}]}}

EL FAR DE SANT SEBASTIÀ

<style type="text/css" data-created_by="avia_inline_auto" id="style-css-av-cctim-6bc23355add449a9ab9f1d61b3fc125f">
.flex_column.av-cctim-6bc23355add449a9ab9f1d61b3fc125f{
border-radius:0px 0px 0px 0px;
padding:0px 0px 0px 0px;
}
</style>
<div  class='flex_column av-cctim-6bc23355add449a9ab9f1d61b3fc125f av_one_full  avia-builder-el-0  el_before_av_one_half  avia-builder-el-first  first flex_column_div av-zero-column-padding  '     ><style type="text/css" data-created_by="avia_inline_auto" id="style-css-av-k93bkk3e-c3ea4bffa6e271a01f230eed0356b14a">
#top .av-special-heading.av-k93bkk3e-c3ea4bffa6e271a01f230eed0356b14a{
padding-bottom:5px;
}
body .av-special-heading.av-k93bkk3e-c3ea4bffa6e271a01f230eed0356b14a .av-special-heading-tag .heading-char{
font-size:25px;
}
.av-special-heading.av-k93bkk3e-c3ea4bffa6e271a01f230eed0356b14a .av-subheading{
font-size:15px;
}
</style>
<div  class='av-special-heading av-k93bkk3e-c3ea4bffa6e271a01f230eed0356b14a av-special-heading-h1  avia-builder-el-1  avia-builder-el-no-sibling  av-linked-heading'><h1 class='av-special-heading-tag '  itemprop="headline"  >PHARE DU SANT SEBASTIÀ</h1><div class="special-heading-border"><div class="special-heading-inner-border"></div></div></div></div>

<style type="text/css" data-created_by="avia_inline_auto" id="style-css-av-1qp42-dd2f184ed8b74bf9d1baeb6ae2f44109">
.flex_column.av-1qp42-dd2f184ed8b74bf9d1baeb6ae2f44109{
border-radius:0px 0px 0px 0px;
padding:0px 0px 0px 0px;
}
</style>
<div  class='flex_column av-1qp42-dd2f184ed8b74bf9d1baeb6ae2f44109 av_one_half  avia-builder-el-2  el_after_av_one_full  el_before_av_one_half  first flex_column_div av-zero-column-padding  column-top-margin'     ><section  class='av_textblock_section av-asgcm-90f7fc53c1727e0ec304c8a74233f53d '   itemscope="itemscope" itemtype="https://schema.org/CreativeWork" ><div class='avia_textblock'  itemprop="text" ><p><strong>Le phare du Sant Sebastià a été inauguré le 1er octobre 1857, sa lumière atteint jusqu&rsquo;à 32 milles marins, ce qui en fait le plus puissant de la côte catalane</strong>.</p>
<p>Il est situé à 169 mètres d&rsquo;altitude et fait partie du complexe monumental de Sant Sebastià de la Guarda. Les réformes les plus importantes du bâtiment vont de 1963 à juillet 1966, lorsque l&rsquo;ancienne tour a été démantelée et l&rsquo;actuelle a été construite.</p>
<p><strong>Les vues depuis le phare sont spectaculaires!</strong></p>
<p>Actuellement, il y a un bar, un hôtel et un restaurant qui peuvent compléter un après-midi intéressant de visite culturelle.</p>
</div></section></div>

<style type="text/css" data-created_by="avia_inline_auto" id="style-css-av-qj12-2f81ef96171b8e1f27e1205f17309016">
.flex_column.av-qj12-2f81ef96171b8e1f27e1205f17309016{
border-radius:0px 0px 0px 0px;
padding:0px 0px 0px 0px;
}
</style>
<div  class='flex_column av-qj12-2f81ef96171b8e1f27e1205f17309016 av_one_half  avia-builder-el-4  el_after_av_one_half  avia-builder-el-last  flex_column_div av-zero-column-padding  column-top-margin'     ><style type="text/css" data-created_by="avia_inline_auto" id="style-css-av-k6j0bfin-d63bfba312fd13dfc1c4d572e4be5708">
.avia-image-container.av-k6j0bfin-d63bfba312fd13dfc1c4d572e4be5708 img.avia_image{
box-shadow:none;
}
.avia-image-container.av-k6j0bfin-d63bfba312fd13dfc1c4d572e4be5708 .av-image-caption-overlay-center{
color:#ffffff;
}
</style>
<div  class='avia-image-container av-k6j0bfin-d63bfba312fd13dfc1c4d572e4be5708 av-styling- avia-align-center  avia-builder-el-5  avia-builder-el-no-sibling '   itemprop="image" itemscope="itemscope" itemtype="https://schema.org/ImageObject" ><div class="avia-image-container-inner"><div class="avia-image-overlay-wrap"><img decoding="async" fetchpriority="high" class='wp-image-3201 avia-img-lazy-loading-not-3201 avia_image ' src="https://www.masferranpals.com/wp-content/uploads/2020/02/el-far-de-sant-sebastia-495x363.jpg" alt='Far de Sant Sebastià' title='Far de Sant Sebastià'  height="363" width="495"  itemprop="thumbnailUrl"  /></div></div></div></div>

<!-- This site is optimized with the Yoast SEO plugin v27.0 - https://yoast.com/product/yoast-seo-wordpress/ -->
<title>EL FAR DE SANT SEBASTIÀ - Mas Ferran Pals</title>
<meta name="robots" content="index, follow, max-snippet:-1, max-image-preview:large, max-video-preview:-1" />
<link rel="canonical" href="https://www.masferranpals.com/fr/environnement/el-far-de-sant-sebastia/" />
<meta property="og:locale" content="fr_FR" />
<meta property="og:type" content="article" />
<meta property="og:title" content="EL FAR DE SANT SEBASTIÀ - Mas Ferran Pals" />
<meta property="og:url" content="https://www.masferranpals.com/fr/environnement/el-far-de-sant-sebastia/" />
<meta property="og:site_name" content="Mas Ferran Pals" />
<meta property="article:modified_time" content="2020-04-29T16:42:16+00:00" />
<meta name="twitter:card" content="summary_large_image" />
<meta name="twitter:label1" content="Durée de lecture estimée" />
	<meta name="twitter:data1" content="3 minutes" />
<script type="application/ld+json" class="yoast-schema-graph">{"@context":"https://schema.org","@graph":[{"@type":"WebPage","@id":"https://www.masferranpals.com/fr/environnement/el-far-de-sant-sebastia/","url":"https://www.masferranpals.com/fr/environnement/el-far-de-sant-sebastia/","name":"EL FAR DE SANT SEBASTIÀ - Mas Ferran Pals","isPartOf":{"@id":"https://www.masferranpals.com/fr/#website"},"datePublished":"2020-02-12T13:01:54+00:00","dateModified":"2020-04-29T16:42:16+00:00","breadcrumb":{"@id":"https://www.masferranpals.com/fr/environnement/el-far-de-sant-sebastia/#breadcrumb"},"inLanguage":"fr-FR","potentialAction":[{"@type":"ReadAction","target":["https://www.masferranpals.com/fr/environnement/el-far-de-sant-sebastia/"]}]},{"@type":"BreadcrumbList","@id":"https://www.masferranpals.com/fr/environnement/el-far-de-sant-sebastia/#breadcrumb","itemListElement":[{"@type":"ListItem","position":1,"name":"Home","item":"https://www.masferranpals.com/fr/"},{"@type":"ListItem","position":2,"name":"Environs &#8211; plages","item":"https://www.masferranpals.com/fr/environnement/"},{"@type":"ListItem","position":3,"name":"EL FAR DE SANT SEBASTIÀ"}]},{"@type":"WebSite","@id":"https://www.masferranpals.com/fr/#website","url":"https://www.masferranpals.com/fr/","name":"Mas Ferran Pals","description":"Habitacions en un espai privilegiat a l’Empordà.","potentialAction":[{"@type":"SearchAction","target":{"@type":"EntryPoint","urlTemplate":"https://www.masferranpals.com/fr/?s={search_term_string}"},"query-input":{"@type":"PropertyValueSpecification","valueRequired":true,"valueName":"search_term_string"}}],"inLanguage":"fr-FR"}]}</script>
<!-- / Yoast SEO plugin. -->

EL FAR DE SANT SEBASTIÀ - Mas Ferran Pals

Habitacions en un espai privilegiat a l’Empordà.
