{"id":3392,"date":"2020-02-12T14:02:04","date_gmt":"2020-02-12T13:02:04","guid":{"rendered":"https:\/\/www.masferranpals.com\/?page_id=3392"},"modified":"2020-05-08T21:56:48","modified_gmt":"2020-05-08T20:56:48","slug":"nucli-antic-de-pals","status":"publish","type":"page","link":"https:\/\/www.masferranpals.com\/fr\/environnement\/nucli-antic-de-pals\/","title":{"rendered":"NUCLI ANTIC DE PALS"},"content":{"rendered":"\n<style type=\"text\/css\" data-created_by=\"avia_inline_auto\" id=\"style-css-av-cctim-6bc23355add449a9ab9f1d61b3fc125f\">\n.flex_column.av-cctim-6bc23355add449a9ab9f1d61b3fc125f{\nborder-radius:0px 0px 0px 0px;\npadding:0px 0px 0px 0px;\n}\n<\/style>\n<div  class='flex_column av-cctim-6bc23355add449a9ab9f1d61b3fc125f av_one_full  avia-builder-el-0  el_before_av_one_half  avia-builder-el-first  first flex_column_div av-zero-column-padding  '     ><style type=\"text\/css\" data-created_by=\"avia_inline_auto\" id=\"style-css-av-k93bzjaw-e2989a2cacb27c6ec165339dc48df5b7\">\n#top .av-special-heading.av-k93bzjaw-e2989a2cacb27c6ec165339dc48df5b7{\npadding-bottom:5px;\n}\nbody .av-special-heading.av-k93bzjaw-e2989a2cacb27c6ec165339dc48df5b7 .av-special-heading-tag .heading-char{\nfont-size:25px;\n}\n.av-special-heading.av-k93bzjaw-e2989a2cacb27c6ec165339dc48df5b7 .av-subheading{\nfont-size:15px;\n}\n<\/style>\n<div  class='av-special-heading av-k93bzjaw-e2989a2cacb27c6ec165339dc48df5b7 av-special-heading-h1  avia-builder-el-1  avia-builder-el-no-sibling  av-linked-heading'><h1 class='av-special-heading-tag '  itemprop=\"headline\"  >PALS M\u00c9DI\u00c9VAUX<\/h1><div class=\"special-heading-border\"><div class=\"special-heading-inner-border\"><\/div><\/div><\/div><\/div>\n\n<style type=\"text\/css\" data-created_by=\"avia_inline_auto\" id=\"style-css-av-1qp42-dd2f184ed8b74bf9d1baeb6ae2f44109\">\n.flex_column.av-1qp42-dd2f184ed8b74bf9d1baeb6ae2f44109{\nborder-radius:0px 0px 0px 0px;\npadding:0px 0px 0px 0px;\n}\n<\/style>\n<div  class='flex_column av-1qp42-dd2f184ed8b74bf9d1baeb6ae2f44109 av_one_half  avia-builder-el-2  el_after_av_one_full  el_before_av_one_half  first flex_column_div av-zero-column-padding  column-top-margin'     ><section  class='av_textblock_section av-asgcm-90f7fc53c1727e0ec304c8a74233f53d '   itemscope=\"itemscope\" itemtype=\"https:\/\/schema.org\/CreativeWork\" ><div class='avia_textblock'  itemprop=\"text\" ><p><strong>Se promener dans les rues et ruelles de Pals nous transporte directement \u00e0 l&rsquo;\u00e9poque m\u00e9di\u00e9vale<\/strong>: on y trouve des vo\u00fbtes en pierre, des arcs en fer \u00e0 cheval, des portails et des romans, des fen\u00eatres gothiques, etc.<\/p>\n<p>En regardant les d\u00e9tails, nous trouverons \u00e9galement l&#8217;empreinte des anciens colons sur la pierre o\u00f9 ils ont sculpt\u00e9 les tombes anthropomorphes correspondant au haut Moyen \u00c2ge.<\/p>\n<p>Vous trouverez, sur son chemin, la Plaza Mayor, les tombeaux wisigothiques, l&rsquo;\u00e9glise, le ch\u00e2teau, la Tour des Heures, le mur &#8230; qui restera sur le chemin jusqu&rsquo;\u00e0 ce que vous atteigniez le point de vue Josep Pla d&rsquo;o\u00f9 vous pourrez Contemplez la beaut\u00e9 de la plaine de l&rsquo;Empord\u00e0, domin\u00e9e par le massif du Montgr\u00ed avec les \u00eeles Medes en arri\u00e8re-plan.<\/p>\n<p>Mais Pals n&rsquo;est pas seulement l&rsquo;ancien noyau; Nous trouvons \u00e9galement un groupe int\u00e9ressant de fermes dispers\u00e9es et quelques fortifi\u00e9es. Nous mettons en \u00e9vidence Mas Roig, Torre Pedrissa, Cap dels Anyells, Mas Tafurer, connu sous le nom de Mol\u00ed de Pals, Mas Gelabert, Mas Jofre ou Can Pou de Ses Garites. Il y a aussi la tour Mora qui du s. XV surveille les all\u00e9es et venues des marins, un espace actuellement entour\u00e9 de tables et de bancs \u00e0 usage public avec une grande pin\u00e8de id\u00e9ale pour les jeux des enfants.<\/p>\n<p>Lorsque nous parlons de Pals, nous ne pouvons pas oublier le riz, essentiel dans la cuisine et d\u00e9terminant pour le paysage, tr\u00e8s variable selon la p\u00e9riode de l&rsquo;ann\u00e9e. Les rizi\u00e8res deviennent des miroirs au printemps lorsque le paysage \u00e9clate de lumi\u00e8re et de couleurs, offrant ainsi deux fois plus de beaut\u00e9. Les sentiers qui sillonnent les champs offrent au visiteur la possibilit\u00e9 de faire des randonn\u00e9es \u00e0 pied ou \u00e0 v\u00e9lo.<\/p>\n<p>Les plus courageux peuvent atteindre, \u00e0 pied ou \u00e0 v\u00e9lo, le point culminant du massif de Quermany, l&rsquo;autel de notre territoire.<\/p>\n<\/div><\/section><\/div>\n\n<style type=\"text\/css\" data-created_by=\"avia_inline_auto\" id=\"style-css-av-qj12-2f81ef96171b8e1f27e1205f17309016\">\n.flex_column.av-qj12-2f81ef96171b8e1f27e1205f17309016{\nborder-radius:0px 0px 0px 0px;\npadding:0px 0px 0px 0px;\n}\n<\/style>\n<div  class='flex_column av-qj12-2f81ef96171b8e1f27e1205f17309016 av_one_half  avia-builder-el-4  el_after_av_one_half  avia-builder-el-last  flex_column_div av-zero-column-padding  column-top-margin'     ><p>\n<style type=\"text\/css\" data-created_by=\"avia_inline_auto\" id=\"style-css-av-k9yojq8a-b5ce7d6ce99ffb4306a1ab6e91153e0b\">\n#top .hr.hr-invisible.av-k9yojq8a-b5ce7d6ce99ffb4306a1ab6e91153e0b{\nheight:50px;\n}\n<\/style>\n<div  class='hr av-k9yojq8a-b5ce7d6ce99ffb4306a1ab6e91153e0b hr-invisible  avia-builder-el-5  el_before_av_image  avia-builder-el-first '><span class='hr-inner '><span class=\"hr-inner-style\"><\/span><\/span><\/div><br \/>\n\n<style type=\"text\/css\" data-created_by=\"avia_inline_auto\" id=\"style-css-av-k6j0bfin-7793751393f801af873b9a079ec1c0ab\">\n.avia-image-container.av-k6j0bfin-7793751393f801af873b9a079ec1c0ab img.avia_image{\nbox-shadow:none;\n}\n.avia-image-container.av-k6j0bfin-7793751393f801af873b9a079ec1c0ab .av-image-caption-overlay-center{\ncolor:#ffffff;\n}\n<\/style>\n<div  class='avia-image-container av-k6j0bfin-7793751393f801af873b9a079ec1c0ab av-styling- avia-align-center  avia-builder-el-6  el_after_av_hr  avia-builder-el-last '   itemprop=\"image\" itemscope=\"itemscope\" itemtype=\"https:\/\/schema.org\/ImageObject\" ><div class=\"avia-image-container-inner\"><div class=\"avia-image-overlay-wrap\"><img decoding=\"async\" fetchpriority=\"high\" class='wp-image-3289 avia-img-lazy-loading-not-3289 avia_image ' src=\"https:\/\/www.masferranpals.com\/wp-content\/uploads\/2020\/02\/nucli-antic-de-pals-495x363.jpg\" alt='Pals' title='Nucli antic de Pals'  height=\"363\" width=\"495\"  itemprop=\"thumbnailUrl\"  \/><\/div><\/div><\/div><\/p><\/div>\n","protected":false},"excerpt":{"rendered":"","protected":false},"author":4,"featured_media":0,"parent":3429,"menu_order":0,"comment_status":"closed","ping_status":"closed","template":"","meta":{"footnotes":""},"class_list":["post-3392","page","type-page","status-publish","hentry"],"yoast_head":"<!-- This site is optimized with the Yoast SEO plugin v27.0 - https:\/\/yoast.com\/product\/yoast-seo-wordpress\/ -->\n<title>NUCLI ANTIC DE PALS - Mas Ferran Pals<\/title>\n<meta name=\"robots\" content=\"index, follow, max-snippet:-1, max-image-preview:large, max-video-preview:-1\" \/>\n<link rel=\"canonical\" href=\"https:\/\/www.masferranpals.com\/fr\/environnement\/nucli-antic-de-pals\/\" \/>\n<meta property=\"og:locale\" content=\"fr_FR\" \/>\n<meta property=\"og:type\" content=\"article\" \/>\n<meta property=\"og:title\" content=\"NUCLI ANTIC DE PALS - Mas Ferran Pals\" \/>\n<meta property=\"og:url\" content=\"https:\/\/www.masferranpals.com\/fr\/environnement\/nucli-antic-de-pals\/\" \/>\n<meta property=\"og:site_name\" content=\"Mas Ferran Pals\" \/>\n<meta property=\"article:modified_time\" content=\"2020-05-08T20:56:48+00:00\" \/>\n<meta name=\"twitter:card\" content=\"summary_large_image\" \/>\n<meta name=\"twitter:label1\" content=\"Dur\u00e9e de lecture estim\u00e9e\" \/>\n\t<meta name=\"twitter:data1\" content=\"4 minutes\" \/>\n<script type=\"application\/ld+json\" class=\"yoast-schema-graph\">{\"@context\":\"https:\/\/schema.org\",\"@graph\":[{\"@type\":\"WebPage\",\"@id\":\"https:\/\/www.masferranpals.com\/fr\/environnement\/nucli-antic-de-pals\/\",\"url\":\"https:\/\/www.masferranpals.com\/fr\/environnement\/nucli-antic-de-pals\/\",\"name\":\"NUCLI ANTIC DE PALS - Mas Ferran Pals\",\"isPartOf\":{\"@id\":\"https:\/\/www.masferranpals.com\/fr\/#website\"},\"datePublished\":\"2020-02-12T13:02:04+00:00\",\"dateModified\":\"2020-05-08T20:56:48+00:00\",\"breadcrumb\":{\"@id\":\"https:\/\/www.masferranpals.com\/fr\/environnement\/nucli-antic-de-pals\/#breadcrumb\"},\"inLanguage\":\"fr-FR\",\"potentialAction\":[{\"@type\":\"ReadAction\",\"target\":[\"https:\/\/www.masferranpals.com\/fr\/environnement\/nucli-antic-de-pals\/\"]}]},{\"@type\":\"BreadcrumbList\",\"@id\":\"https:\/\/www.masferranpals.com\/fr\/environnement\/nucli-antic-de-pals\/#breadcrumb\",\"itemListElement\":[{\"@type\":\"ListItem\",\"position\":1,\"name\":\"Home\",\"item\":\"https:\/\/www.masferranpals.com\/fr\/\"},{\"@type\":\"ListItem\",\"position\":2,\"name\":\"Environs &#8211; plages\",\"item\":\"https:\/\/www.masferranpals.com\/fr\/environnement\/\"},{\"@type\":\"ListItem\",\"position\":3,\"name\":\"NUCLI ANTIC DE PALS\"}]},{\"@type\":\"WebSite\",\"@id\":\"https:\/\/www.masferranpals.com\/fr\/#website\",\"url\":\"https:\/\/www.masferranpals.com\/fr\/\",\"name\":\"Mas Ferran Pals\",\"description\":\"Habitacions en un espai privilegiat a l\u2019Empord\u00e0.\",\"potentialAction\":[{\"@type\":\"SearchAction\",\"target\":{\"@type\":\"EntryPoint\",\"urlTemplate\":\"https:\/\/www.masferranpals.com\/fr\/?s={search_term_string}\"},\"query-input\":{\"@type\":\"PropertyValueSpecification\",\"valueRequired\":true,\"valueName\":\"search_term_string\"}}],\"inLanguage\":\"fr-FR\"}]}<\/script>\n<!-- \/ Yoast SEO plugin. -->","yoast_head_json":{"title":"NUCLI ANTIC DE PALS - Mas Ferran Pals","robots":{"index":"index","follow":"follow","max-snippet":"max-snippet:-1","max-image-preview":"max-image-preview:large","max-video-preview":"max-video-preview:-1"},"canonical":"https:\/\/www.masferranpals.com\/fr\/environnement\/nucli-antic-de-pals\/","og_locale":"fr_FR","og_type":"article","og_title":"NUCLI ANTIC DE PALS - Mas Ferran Pals","og_url":"https:\/\/www.masferranpals.com\/fr\/environnement\/nucli-antic-de-pals\/","og_site_name":"Mas Ferran Pals","article_modified_time":"2020-05-08T20:56:48+00:00","twitter_card":"summary_large_image","twitter_misc":{"Dur\u00e9e de lecture estim\u00e9e":"4 minutes"},"schema":{"@context":"https:\/\/schema.org","@graph":[{"@type":"WebPage","@id":"https:\/\/www.masferranpals.com\/fr\/environnement\/nucli-antic-de-pals\/","url":"https:\/\/www.masferranpals.com\/fr\/environnement\/nucli-antic-de-pals\/","name":"NUCLI ANTIC DE PALS - Mas Ferran Pals","isPartOf":{"@id":"https:\/\/www.masferranpals.com\/fr\/#website"},"datePublished":"2020-02-12T13:02:04+00:00","dateModified":"2020-05-08T20:56:48+00:00","breadcrumb":{"@id":"https:\/\/www.masferranpals.com\/fr\/environnement\/nucli-antic-de-pals\/#breadcrumb"},"inLanguage":"fr-FR","potentialAction":[{"@type":"ReadAction","target":["https:\/\/www.masferranpals.com\/fr\/environnement\/nucli-antic-de-pals\/"]}]},{"@type":"BreadcrumbList","@id":"https:\/\/www.masferranpals.com\/fr\/environnement\/nucli-antic-de-pals\/#breadcrumb","itemListElement":[{"@type":"ListItem","position":1,"name":"Home","item":"https:\/\/www.masferranpals.com\/fr\/"},{"@type":"ListItem","position":2,"name":"Environs &#8211; plages","item":"https:\/\/www.masferranpals.com\/fr\/environnement\/"},{"@type":"ListItem","position":3,"name":"NUCLI ANTIC DE PALS"}]},{"@type":"WebSite","@id":"https:\/\/www.masferranpals.com\/fr\/#website","url":"https:\/\/www.masferranpals.com\/fr\/","name":"Mas Ferran Pals","description":"Habitacions en un espai privilegiat a l\u2019Empord\u00e0.","potentialAction":[{"@type":"SearchAction","target":{"@type":"EntryPoint","urlTemplate":"https:\/\/www.masferranpals.com\/fr\/?s={search_term_string}"},"query-input":{"@type":"PropertyValueSpecification","valueRequired":true,"valueName":"search_term_string"}}],"inLanguage":"fr-FR"}]}},"_links":{"self":[{"href":"https:\/\/www.masferranpals.com\/fr\/wp-json\/wp\/v2\/pages\/3392","targetHints":{"allow":["GET"]}}],"collection":[{"href":"https:\/\/www.masferranpals.com\/fr\/wp-json\/wp\/v2\/pages"}],"about":[{"href":"https:\/\/www.masferranpals.com\/fr\/wp-json\/wp\/v2\/types\/page"}],"author":[{"embeddable":true,"href":"https:\/\/www.masferranpals.com\/fr\/wp-json\/wp\/v2\/users\/4"}],"replies":[{"embeddable":true,"href":"https:\/\/www.masferranpals.com\/fr\/wp-json\/wp\/v2\/comments?post=3392"}],"version-history":[{"count":7,"href":"https:\/\/www.masferranpals.com\/fr\/wp-json\/wp\/v2\/pages\/3392\/revisions"}],"predecessor-version":[{"id":7204,"href":"https:\/\/www.masferranpals.com\/fr\/wp-json\/wp\/v2\/pages\/3392\/revisions\/7204"}],"up":[{"embeddable":true,"href":"https:\/\/www.masferranpals.com\/fr\/wp-json\/wp\/v2\/pages\/3429"}],"wp:attachment":[{"href":"https:\/\/www.masferranpals.com\/fr\/wp-json\/wp\/v2\/media?parent=3392"}],"curies":[{"name":"wp","href":"https:\/\/api.w.org\/{rel}","templated":true}]}}

<style type="text/css" data-created_by="avia_inline_auto" id="style-css-av-cctim-6bc23355add449a9ab9f1d61b3fc125f">
.flex_column.av-cctim-6bc23355add449a9ab9f1d61b3fc125f{
border-radius:0px 0px 0px 0px;
padding:0px 0px 0px 0px;
}
</style>
<div  class='flex_column av-cctim-6bc23355add449a9ab9f1d61b3fc125f av_one_full  avia-builder-el-0  el_before_av_one_half  avia-builder-el-first  first flex_column_div av-zero-column-padding  '     ><style type="text/css" data-created_by="avia_inline_auto" id="style-css-av-k93bzjaw-e2989a2cacb27c6ec165339dc48df5b7">
#top .av-special-heading.av-k93bzjaw-e2989a2cacb27c6ec165339dc48df5b7{
padding-bottom:5px;
}
body .av-special-heading.av-k93bzjaw-e2989a2cacb27c6ec165339dc48df5b7 .av-special-heading-tag .heading-char{
font-size:25px;
}
.av-special-heading.av-k93bzjaw-e2989a2cacb27c6ec165339dc48df5b7 .av-subheading{
font-size:15px;
}
</style>
<div  class='av-special-heading av-k93bzjaw-e2989a2cacb27c6ec165339dc48df5b7 av-special-heading-h1  avia-builder-el-1  avia-builder-el-no-sibling  av-linked-heading'><h1 class='av-special-heading-tag '  itemprop="headline"  >PALS MÉDIÉVAUX</h1><div class="special-heading-border"><div class="special-heading-inner-border"></div></div></div></div>

<style type="text/css" data-created_by="avia_inline_auto" id="style-css-av-1qp42-dd2f184ed8b74bf9d1baeb6ae2f44109">
.flex_column.av-1qp42-dd2f184ed8b74bf9d1baeb6ae2f44109{
border-radius:0px 0px 0px 0px;
padding:0px 0px 0px 0px;
}
</style>
<div  class='flex_column av-1qp42-dd2f184ed8b74bf9d1baeb6ae2f44109 av_one_half  avia-builder-el-2  el_after_av_one_full  el_before_av_one_half  first flex_column_div av-zero-column-padding  column-top-margin'     ><section  class='av_textblock_section av-asgcm-90f7fc53c1727e0ec304c8a74233f53d '   itemscope="itemscope" itemtype="https://schema.org/CreativeWork" ><div class='avia_textblock'  itemprop="text" ><p><strong>Se promener dans les rues et ruelles de Pals nous transporte directement à l&rsquo;époque médiévale</strong>: on y trouve des voûtes en pierre, des arcs en fer à cheval, des portails et des romans, des fenêtres gothiques, etc.</p>
<p>En regardant les détails, nous trouverons également l&#8217;empreinte des anciens colons sur la pierre où ils ont sculpté les tombes anthropomorphes correspondant au haut Moyen Âge.</p>
<p>Vous trouverez, sur son chemin, la Plaza Mayor, les tombeaux wisigothiques, l&rsquo;église, le château, la Tour des Heures, le mur &#8230; qui restera sur le chemin jusqu&rsquo;à ce que vous atteigniez le point de vue Josep Pla d&rsquo;où vous pourrez Contemplez la beauté de la plaine de l&rsquo;Empordà, dominée par le massif du Montgrí avec les îles Medes en arrière-plan.</p>
<p>Mais Pals n&rsquo;est pas seulement l&rsquo;ancien noyau; Nous trouvons également un groupe intéressant de fermes dispersées et quelques fortifiées. Nous mettons en évidence Mas Roig, Torre Pedrissa, Cap dels Anyells, Mas Tafurer, connu sous le nom de Molí de Pals, Mas Gelabert, Mas Jofre ou Can Pou de Ses Garites. Il y a aussi la tour Mora qui du s. XV surveille les allées et venues des marins, un espace actuellement entouré de tables et de bancs à usage public avec une grande pinède idéale pour les jeux des enfants.</p>
<p>Lorsque nous parlons de Pals, nous ne pouvons pas oublier le riz, essentiel dans la cuisine et déterminant pour le paysage, très variable selon la période de l&rsquo;année. Les rizières deviennent des miroirs au printemps lorsque le paysage éclate de lumière et de couleurs, offrant ainsi deux fois plus de beauté. Les sentiers qui sillonnent les champs offrent au visiteur la possibilité de faire des randonnées à pied ou à vélo.</p>
<p>Les plus courageux peuvent atteindre, à pied ou à vélo, le point culminant du massif de Quermany, l&rsquo;autel de notre territoire.</p>
</div></section></div>

<style type="text/css" data-created_by="avia_inline_auto" id="style-css-av-qj12-2f81ef96171b8e1f27e1205f17309016">
.flex_column.av-qj12-2f81ef96171b8e1f27e1205f17309016{
border-radius:0px 0px 0px 0px;
padding:0px 0px 0px 0px;
}
</style>
<div  class='flex_column av-qj12-2f81ef96171b8e1f27e1205f17309016 av_one_half  avia-builder-el-4  el_after_av_one_half  avia-builder-el-last  flex_column_div av-zero-column-padding  column-top-margin'     ><p>
<style type="text/css" data-created_by="avia_inline_auto" id="style-css-av-k9yojq8a-b5ce7d6ce99ffb4306a1ab6e91153e0b">
#top .hr.hr-invisible.av-k9yojq8a-b5ce7d6ce99ffb4306a1ab6e91153e0b{
height:50px;
}
</style>
<div  class='hr av-k9yojq8a-b5ce7d6ce99ffb4306a1ab6e91153e0b hr-invisible  avia-builder-el-5  el_before_av_image  avia-builder-el-first '><span class='hr-inner '><span class="hr-inner-style"></span></span></div><br />

<style type="text/css" data-created_by="avia_inline_auto" id="style-css-av-k6j0bfin-7793751393f801af873b9a079ec1c0ab">
.avia-image-container.av-k6j0bfin-7793751393f801af873b9a079ec1c0ab img.avia_image{
box-shadow:none;
}
.avia-image-container.av-k6j0bfin-7793751393f801af873b9a079ec1c0ab .av-image-caption-overlay-center{
color:#ffffff;
}
</style>
<div  class='avia-image-container av-k6j0bfin-7793751393f801af873b9a079ec1c0ab av-styling- avia-align-center  avia-builder-el-6  el_after_av_hr  avia-builder-el-last '   itemprop="image" itemscope="itemscope" itemtype="https://schema.org/ImageObject" ><div class="avia-image-container-inner"><div class="avia-image-overlay-wrap"><img decoding="async" fetchpriority="high" class='wp-image-3289 avia-img-lazy-loading-not-3289 avia_image ' src="https://www.masferranpals.com/wp-content/uploads/2020/02/nucli-antic-de-pals-495x363.jpg" alt='Pals' title='Nucli antic de Pals'  height="363" width="495"  itemprop="thumbnailUrl"  /></div></div></div></p></div>

<!-- This site is optimized with the Yoast SEO plugin v27.0 - https://yoast.com/product/yoast-seo-wordpress/ -->
<title>NUCLI ANTIC DE PALS - Mas Ferran Pals</title>
<meta name="robots" content="index, follow, max-snippet:-1, max-image-preview:large, max-video-preview:-1" />
<link rel="canonical" href="https://www.masferranpals.com/fr/environnement/nucli-antic-de-pals/" />
<meta property="og:locale" content="fr_FR" />
<meta property="og:type" content="article" />
<meta property="og:title" content="NUCLI ANTIC DE PALS - Mas Ferran Pals" />
<meta property="og:url" content="https://www.masferranpals.com/fr/environnement/nucli-antic-de-pals/" />
<meta property="og:site_name" content="Mas Ferran Pals" />
<meta property="article:modified_time" content="2020-05-08T20:56:48+00:00" />
<meta name="twitter:card" content="summary_large_image" />
<meta name="twitter:label1" content="Durée de lecture estimée" />
	<meta name="twitter:data1" content="4 minutes" />
<script type="application/ld+json" class="yoast-schema-graph">{"@context":"https://schema.org","@graph":[{"@type":"WebPage","@id":"https://www.masferranpals.com/fr/environnement/nucli-antic-de-pals/","url":"https://www.masferranpals.com/fr/environnement/nucli-antic-de-pals/","name":"NUCLI ANTIC DE PALS - Mas Ferran Pals","isPartOf":{"@id":"https://www.masferranpals.com/fr/#website"},"datePublished":"2020-02-12T13:02:04+00:00","dateModified":"2020-05-08T20:56:48+00:00","breadcrumb":{"@id":"https://www.masferranpals.com/fr/environnement/nucli-antic-de-pals/#breadcrumb"},"inLanguage":"fr-FR","potentialAction":[{"@type":"ReadAction","target":["https://www.masferranpals.com/fr/environnement/nucli-antic-de-pals/"]}]},{"@type":"BreadcrumbList","@id":"https://www.masferranpals.com/fr/environnement/nucli-antic-de-pals/#breadcrumb","itemListElement":[{"@type":"ListItem","position":1,"name":"Home","item":"https://www.masferranpals.com/fr/"},{"@type":"ListItem","position":2,"name":"Environs &#8211; plages","item":"https://www.masferranpals.com/fr/environnement/"},{"@type":"ListItem","position":3,"name":"NUCLI ANTIC DE PALS"}]},{"@type":"WebSite","@id":"https://www.masferranpals.com/fr/#website","url":"https://www.masferranpals.com/fr/","name":"Mas Ferran Pals","description":"Habitacions en un espai privilegiat a l’Empordà.","potentialAction":[{"@type":"SearchAction","target":{"@type":"EntryPoint","urlTemplate":"https://www.masferranpals.com/fr/?s={search_term_string}"},"query-input":{"@type":"PropertyValueSpecification","valueRequired":true,"valueName":"search_term_string"}}],"inLanguage":"fr-FR"}]}</script>
<!-- / Yoast SEO plugin. -->

Habitacions en un espai privilegiat a l’Empordà.
