{"id":3507,"date":"2020-02-12T17:05:30","date_gmt":"2020-02-12T16:05:30","guid":{"rendered":"https:\/\/www.masferranpals.com\/?page_id=3507"},"modified":"2020-05-01T19:18:47","modified_gmt":"2020-05-01T18:18:47","slug":"illa-roja-begur","status":"publish","type":"page","link":"https:\/\/www.masferranpals.com\/fr\/plages\/illa-roja-begur\/","title":{"rendered":"ILLA ROJA, Begur"},"content":{"rendered":"\n<style type=\"text\/css\" data-created_by=\"avia_inline_auto\" id=\"style-css-av-cctim-6bc23355add449a9ab9f1d61b3fc125f\">\n.flex_column.av-cctim-6bc23355add449a9ab9f1d61b3fc125f{\nborder-radius:0px 0px 0px 0px;\npadding:0px 0px 0px 0px;\n}\n<\/style>\n<div  class='flex_column av-cctim-6bc23355add449a9ab9f1d61b3fc125f av_one_full  avia-builder-el-0  el_before_av_two_fifth  avia-builder-el-first  first flex_column_div av-zero-column-padding  '     ><style type=\"text\/css\" data-created_by=\"avia_inline_auto\" id=\"style-css-av-k6j0jm0n-776ad4c59fb6a020298589d0ebb01414\">\n#top .av-special-heading.av-k6j0jm0n-776ad4c59fb6a020298589d0ebb01414{\npadding-bottom:5px;\n}\nbody .av-special-heading.av-k6j0jm0n-776ad4c59fb6a020298589d0ebb01414 .av-special-heading-tag .heading-char{\nfont-size:25px;\n}\n.av-special-heading.av-k6j0jm0n-776ad4c59fb6a020298589d0ebb01414 .av-subheading{\nfont-size:15px;\n}\n<\/style>\n<div  class='av-special-heading av-k6j0jm0n-776ad4c59fb6a020298589d0ebb01414 av-special-heading-h1  avia-builder-el-1  avia-builder-el-no-sibling '><h1 class='av-special-heading-tag '  itemprop=\"headline\"  >ILLA ROJA, Begur<\/h1><div class=\"special-heading-border\"><div class=\"special-heading-inner-border\"><\/div><\/div><\/div><\/div>\n\n<style type=\"text\/css\" data-created_by=\"avia_inline_auto\" id=\"style-css-av-1qp42-dd2f184ed8b74bf9d1baeb6ae2f44109\">\n.flex_column.av-1qp42-dd2f184ed8b74bf9d1baeb6ae2f44109{\nborder-radius:0px 0px 0px 0px;\npadding:0px 0px 0px 0px;\n}\n<\/style>\n<div  class='flex_column av-1qp42-dd2f184ed8b74bf9d1baeb6ae2f44109 av_two_fifth  avia-builder-el-2  el_after_av_one_full  el_before_av_three_fifth  first flex_column_div av-zero-column-padding  column-top-margin'     ><section  class='av_textblock_section av-asgcm-90f7fc53c1727e0ec304c8a74233f53d '   itemscope=\"itemscope\" itemtype=\"https:\/\/schema.org\/CreativeWork\" ><div class='avia_textblock'  itemprop=\"text\" ><p lang=\"ca-ES\"><strong>Plage naturiste de renomm\u00e9e internationale, dans un cadre naturel et accessible \u00e0 pied par des escaliers par un chemin circulaire. <\/strong><\/p>\n<p lang=\"ca-ES\">C&rsquo;est l&rsquo;une des plus grandes criques apr\u00e8s Sa Riera.<\/p>\n<p lang=\"ca-ES\">Il se caract\u00e9rise par \u00eatre pr\u00e9sid\u00e9 par un \u00eelot rocheux rouge\u00e2tre d&rsquo;o\u00f9 son nom vient.<\/p>\n<p lang=\"ca-ES\">Calme, sans foules, sable fin &#8211; grenade et eaux claires.<\/p>\n<p lang=\"ca-ES\">Aucun service disponible.<\/p>\n<\/div><\/section><\/div>\n\n<style type=\"text\/css\" data-created_by=\"avia_inline_auto\" id=\"style-css-av-qj12-2f81ef96171b8e1f27e1205f17309016\">\n.flex_column.av-qj12-2f81ef96171b8e1f27e1205f17309016{\nborder-radius:0px 0px 0px 0px;\npadding:0px 0px 0px 0px;\n}\n<\/style>\n<div  class='flex_column av-qj12-2f81ef96171b8e1f27e1205f17309016 av_three_fifth  avia-builder-el-4  el_after_av_two_fifth  avia-builder-el-last  flex_column_div av-zero-column-padding  column-top-margin'     ><style type=\"text\/css\" data-created_by=\"avia_inline_auto\" id=\"style-css-av-k9oitkfb-7abaee5c0612c9b986ab2da6e97b365c\">\n.avia-image-container.av-k9oitkfb-7abaee5c0612c9b986ab2da6e97b365c img.avia_image{\nbox-shadow:none;\n}\n.avia-image-container.av-k9oitkfb-7abaee5c0612c9b986ab2da6e97b365c .av-image-caption-overlay-center{\ncolor:#ffffff;\n}\n<\/style>\n<div  class='avia-image-container av-k9oitkfb-7abaee5c0612c9b986ab2da6e97b365c av-styling- avia-align-center  avia-builder-el-5  avia-builder-el-no-sibling '   itemprop=\"image\" itemscope=\"itemscope\" itemtype=\"https:\/\/schema.org\/ImageObject\" ><div class=\"avia-image-container-inner\"><div class=\"avia-image-overlay-wrap\"><img decoding=\"async\" fetchpriority=\"high\" class='wp-image-4830 avia-img-lazy-loading-not-4830 avia_image ' src=\"https:\/\/www.masferranpals.com\/wp-content\/uploads\/2020\/04\/Illa-Roja.jpg\" alt='Illa Roja' title='Illa Roja'  height=\"405\" width=\"720\"  itemprop=\"thumbnailUrl\" srcset=\"https:\/\/www.masferranpals.com\/wp-content\/uploads\/2020\/04\/Illa-Roja.jpg 720w, https:\/\/www.masferranpals.com\/wp-content\/uploads\/2020\/04\/Illa-Roja-300x169.jpg 300w, https:\/\/www.masferranpals.com\/wp-content\/uploads\/2020\/04\/Illa-Roja-705x397.jpg 705w\" sizes=\"(max-width: 720px) 100vw, 720px\" \/><\/div><\/div><\/div><\/div>\n","protected":false},"excerpt":{"rendered":"","protected":false},"author":4,"featured_media":0,"parent":3558,"menu_order":0,"comment_status":"closed","ping_status":"closed","template":"","meta":{"footnotes":""},"class_list":["post-3507","page","type-page","status-publish","hentry"],"yoast_head":"<!-- This site is optimized with the Yoast SEO plugin v27.0 - https:\/\/yoast.com\/product\/yoast-seo-wordpress\/ -->\n<title>ILLA ROJA, Begur - Mas Ferran Pals<\/title>\n<meta name=\"robots\" content=\"index, follow, max-snippet:-1, max-image-preview:large, max-video-preview:-1\" \/>\n<link rel=\"canonical\" href=\"https:\/\/www.masferranpals.com\/fr\/plages\/illa-roja-begur\/\" \/>\n<meta property=\"og:locale\" content=\"fr_FR\" \/>\n<meta property=\"og:type\" content=\"article\" \/>\n<meta property=\"og:title\" content=\"ILLA ROJA, Begur - Mas Ferran Pals\" \/>\n<meta property=\"og:url\" content=\"https:\/\/www.masferranpals.com\/fr\/plages\/illa-roja-begur\/\" \/>\n<meta property=\"og:site_name\" content=\"Mas Ferran Pals\" \/>\n<meta property=\"article:modified_time\" content=\"2020-05-01T18:18:47+00:00\" \/>\n<meta name=\"twitter:card\" content=\"summary_large_image\" \/>\n<meta name=\"twitter:label1\" content=\"Dur\u00e9e de lecture estim\u00e9e\" \/>\n\t<meta name=\"twitter:data1\" content=\"2 minutes\" \/>\n<script type=\"application\/ld+json\" class=\"yoast-schema-graph\">{\"@context\":\"https:\/\/schema.org\",\"@graph\":[{\"@type\":\"WebPage\",\"@id\":\"https:\/\/www.masferranpals.com\/fr\/plages\/illa-roja-begur\/\",\"url\":\"https:\/\/www.masferranpals.com\/fr\/plages\/illa-roja-begur\/\",\"name\":\"ILLA ROJA, Begur - Mas Ferran Pals\",\"isPartOf\":{\"@id\":\"https:\/\/www.masferranpals.com\/fr\/#website\"},\"datePublished\":\"2020-02-12T16:05:30+00:00\",\"dateModified\":\"2020-05-01T18:18:47+00:00\",\"breadcrumb\":{\"@id\":\"https:\/\/www.masferranpals.com\/fr\/plages\/illa-roja-begur\/#breadcrumb\"},\"inLanguage\":\"fr-FR\",\"potentialAction\":[{\"@type\":\"ReadAction\",\"target\":[\"https:\/\/www.masferranpals.com\/fr\/plages\/illa-roja-begur\/\"]}]},{\"@type\":\"BreadcrumbList\",\"@id\":\"https:\/\/www.masferranpals.com\/fr\/plages\/illa-roja-begur\/#breadcrumb\",\"itemListElement\":[{\"@type\":\"ListItem\",\"position\":1,\"name\":\"Home\",\"item\":\"https:\/\/www.masferranpals.com\/fr\/\"},{\"@type\":\"ListItem\",\"position\":2,\"name\":\"Plages\",\"item\":\"https:\/\/www.masferranpals.com\/fr\/plages\/\"},{\"@type\":\"ListItem\",\"position\":3,\"name\":\"ILLA ROJA, Begur\"}]},{\"@type\":\"WebSite\",\"@id\":\"https:\/\/www.masferranpals.com\/fr\/#website\",\"url\":\"https:\/\/www.masferranpals.com\/fr\/\",\"name\":\"Mas Ferran Pals\",\"description\":\"Habitacions en un espai privilegiat a l\u2019Empord\u00e0.\",\"potentialAction\":[{\"@type\":\"SearchAction\",\"target\":{\"@type\":\"EntryPoint\",\"urlTemplate\":\"https:\/\/www.masferranpals.com\/fr\/?s={search_term_string}\"},\"query-input\":{\"@type\":\"PropertyValueSpecification\",\"valueRequired\":true,\"valueName\":\"search_term_string\"}}],\"inLanguage\":\"fr-FR\"}]}<\/script>\n<!-- \/ Yoast SEO plugin. -->","yoast_head_json":{"title":"ILLA ROJA, Begur - Mas Ferran Pals","robots":{"index":"index","follow":"follow","max-snippet":"max-snippet:-1","max-image-preview":"max-image-preview:large","max-video-preview":"max-video-preview:-1"},"canonical":"https:\/\/www.masferranpals.com\/fr\/plages\/illa-roja-begur\/","og_locale":"fr_FR","og_type":"article","og_title":"ILLA ROJA, Begur - Mas Ferran Pals","og_url":"https:\/\/www.masferranpals.com\/fr\/plages\/illa-roja-begur\/","og_site_name":"Mas Ferran Pals","article_modified_time":"2020-05-01T18:18:47+00:00","twitter_card":"summary_large_image","twitter_misc":{"Dur\u00e9e de lecture estim\u00e9e":"2 minutes"},"schema":{"@context":"https:\/\/schema.org","@graph":[{"@type":"WebPage","@id":"https:\/\/www.masferranpals.com\/fr\/plages\/illa-roja-begur\/","url":"https:\/\/www.masferranpals.com\/fr\/plages\/illa-roja-begur\/","name":"ILLA ROJA, Begur - Mas Ferran Pals","isPartOf":{"@id":"https:\/\/www.masferranpals.com\/fr\/#website"},"datePublished":"2020-02-12T16:05:30+00:00","dateModified":"2020-05-01T18:18:47+00:00","breadcrumb":{"@id":"https:\/\/www.masferranpals.com\/fr\/plages\/illa-roja-begur\/#breadcrumb"},"inLanguage":"fr-FR","potentialAction":[{"@type":"ReadAction","target":["https:\/\/www.masferranpals.com\/fr\/plages\/illa-roja-begur\/"]}]},{"@type":"BreadcrumbList","@id":"https:\/\/www.masferranpals.com\/fr\/plages\/illa-roja-begur\/#breadcrumb","itemListElement":[{"@type":"ListItem","position":1,"name":"Home","item":"https:\/\/www.masferranpals.com\/fr\/"},{"@type":"ListItem","position":2,"name":"Plages","item":"https:\/\/www.masferranpals.com\/fr\/plages\/"},{"@type":"ListItem","position":3,"name":"ILLA ROJA, Begur"}]},{"@type":"WebSite","@id":"https:\/\/www.masferranpals.com\/fr\/#website","url":"https:\/\/www.masferranpals.com\/fr\/","name":"Mas Ferran Pals","description":"Habitacions en un espai privilegiat a l\u2019Empord\u00e0.","potentialAction":[{"@type":"SearchAction","target":{"@type":"EntryPoint","urlTemplate":"https:\/\/www.masferranpals.com\/fr\/?s={search_term_string}"},"query-input":{"@type":"PropertyValueSpecification","valueRequired":true,"valueName":"search_term_string"}}],"inLanguage":"fr-FR"}]}},"_links":{"self":[{"href":"https:\/\/www.masferranpals.com\/fr\/wp-json\/wp\/v2\/pages\/3507","targetHints":{"allow":["GET"]}}],"collection":[{"href":"https:\/\/www.masferranpals.com\/fr\/wp-json\/wp\/v2\/pages"}],"about":[{"href":"https:\/\/www.masferranpals.com\/fr\/wp-json\/wp\/v2\/types\/page"}],"author":[{"embeddable":true,"href":"https:\/\/www.masferranpals.com\/fr\/wp-json\/wp\/v2\/users\/4"}],"replies":[{"embeddable":true,"href":"https:\/\/www.masferranpals.com\/fr\/wp-json\/wp\/v2\/comments?post=3507"}],"version-history":[{"count":10,"href":"https:\/\/www.masferranpals.com\/fr\/wp-json\/wp\/v2\/pages\/3507\/revisions"}],"predecessor-version":[{"id":6004,"href":"https:\/\/www.masferranpals.com\/fr\/wp-json\/wp\/v2\/pages\/3507\/revisions\/6004"}],"up":[{"embeddable":true,"href":"https:\/\/www.masferranpals.com\/fr\/wp-json\/wp\/v2\/pages\/3558"}],"wp:attachment":[{"href":"https:\/\/www.masferranpals.com\/fr\/wp-json\/wp\/v2\/media?parent=3507"}],"curies":[{"name":"wp","href":"https:\/\/api.w.org\/{rel}","templated":true}]}}

<style type="text/css" data-created_by="avia_inline_auto" id="style-css-av-cctim-6bc23355add449a9ab9f1d61b3fc125f">
.flex_column.av-cctim-6bc23355add449a9ab9f1d61b3fc125f{
border-radius:0px 0px 0px 0px;
padding:0px 0px 0px 0px;
}
</style>
<div  class='flex_column av-cctim-6bc23355add449a9ab9f1d61b3fc125f av_one_full  avia-builder-el-0  el_before_av_two_fifth  avia-builder-el-first  first flex_column_div av-zero-column-padding  '     ><style type="text/css" data-created_by="avia_inline_auto" id="style-css-av-k6j0jm0n-776ad4c59fb6a020298589d0ebb01414">
#top .av-special-heading.av-k6j0jm0n-776ad4c59fb6a020298589d0ebb01414{
padding-bottom:5px;
}
body .av-special-heading.av-k6j0jm0n-776ad4c59fb6a020298589d0ebb01414 .av-special-heading-tag .heading-char{
font-size:25px;
}
.av-special-heading.av-k6j0jm0n-776ad4c59fb6a020298589d0ebb01414 .av-subheading{
font-size:15px;
}
</style>
<div  class='av-special-heading av-k6j0jm0n-776ad4c59fb6a020298589d0ebb01414 av-special-heading-h1  avia-builder-el-1  avia-builder-el-no-sibling '><h1 class='av-special-heading-tag '  itemprop="headline"  >ILLA ROJA, Begur</h1><div class="special-heading-border"><div class="special-heading-inner-border"></div></div></div></div>

<style type="text/css" data-created_by="avia_inline_auto" id="style-css-av-1qp42-dd2f184ed8b74bf9d1baeb6ae2f44109">
.flex_column.av-1qp42-dd2f184ed8b74bf9d1baeb6ae2f44109{
border-radius:0px 0px 0px 0px;
padding:0px 0px 0px 0px;
}
</style>
<div  class='flex_column av-1qp42-dd2f184ed8b74bf9d1baeb6ae2f44109 av_two_fifth  avia-builder-el-2  el_after_av_one_full  el_before_av_three_fifth  first flex_column_div av-zero-column-padding  column-top-margin'     ><section  class='av_textblock_section av-asgcm-90f7fc53c1727e0ec304c8a74233f53d '   itemscope="itemscope" itemtype="https://schema.org/CreativeWork" ><div class='avia_textblock'  itemprop="text" ><p lang="ca-ES"><strong>Plage naturiste de renommée internationale, dans un cadre naturel et accessible à pied par des escaliers par un chemin circulaire. </strong></p>
<p lang="ca-ES">C&rsquo;est l&rsquo;une des plus grandes criques après Sa Riera.</p>
<p lang="ca-ES">Il se caractérise par être présidé par un îlot rocheux rougeâtre d&rsquo;où son nom vient.</p>
<p lang="ca-ES">Calme, sans foules, sable fin &#8211; grenade et eaux claires.</p>
<p lang="ca-ES">Aucun service disponible.</p>
</div></section></div>

<style type="text/css" data-created_by="avia_inline_auto" id="style-css-av-qj12-2f81ef96171b8e1f27e1205f17309016">
.flex_column.av-qj12-2f81ef96171b8e1f27e1205f17309016{
border-radius:0px 0px 0px 0px;
padding:0px 0px 0px 0px;
}
</style>
<div  class='flex_column av-qj12-2f81ef96171b8e1f27e1205f17309016 av_three_fifth  avia-builder-el-4  el_after_av_two_fifth  avia-builder-el-last  flex_column_div av-zero-column-padding  column-top-margin'     ><style type="text/css" data-created_by="avia_inline_auto" id="style-css-av-k9oitkfb-7abaee5c0612c9b986ab2da6e97b365c">
.avia-image-container.av-k9oitkfb-7abaee5c0612c9b986ab2da6e97b365c img.avia_image{
box-shadow:none;
}
.avia-image-container.av-k9oitkfb-7abaee5c0612c9b986ab2da6e97b365c .av-image-caption-overlay-center{
color:#ffffff;
}
</style>
<div  class='avia-image-container av-k9oitkfb-7abaee5c0612c9b986ab2da6e97b365c av-styling- avia-align-center  avia-builder-el-5  avia-builder-el-no-sibling '   itemprop="image" itemscope="itemscope" itemtype="https://schema.org/ImageObject" ><div class="avia-image-container-inner"><div class="avia-image-overlay-wrap"><img decoding="async" fetchpriority="high" class='wp-image-4830 avia-img-lazy-loading-not-4830 avia_image ' src="https://www.masferranpals.com/wp-content/uploads/2020/04/Illa-Roja.jpg" alt='Illa Roja' title='Illa Roja'  height="405" width="720"  itemprop="thumbnailUrl" srcset="https://www.masferranpals.com/wp-content/uploads/2020/04/Illa-Roja.jpg 720w, https://www.masferranpals.com/wp-content/uploads/2020/04/Illa-Roja-300x169.jpg 300w, https://www.masferranpals.com/wp-content/uploads/2020/04/Illa-Roja-705x397.jpg 705w" sizes="(max-width: 720px) 100vw, 720px" /></div></div></div></div>

<!-- This site is optimized with the Yoast SEO plugin v27.0 - https://yoast.com/product/yoast-seo-wordpress/ -->
<title>ILLA ROJA, Begur - Mas Ferran Pals</title>
<meta name="robots" content="index, follow, max-snippet:-1, max-image-preview:large, max-video-preview:-1" />
<link rel="canonical" href="https://www.masferranpals.com/fr/plages/illa-roja-begur/" />
<meta property="og:locale" content="fr_FR" />
<meta property="og:type" content="article" />
<meta property="og:title" content="ILLA ROJA, Begur - Mas Ferran Pals" />
<meta property="og:url" content="https://www.masferranpals.com/fr/plages/illa-roja-begur/" />
<meta property="og:site_name" content="Mas Ferran Pals" />
<meta property="article:modified_time" content="2020-05-01T18:18:47+00:00" />
<meta name="twitter:card" content="summary_large_image" />
<meta name="twitter:label1" content="Durée de lecture estimée" />
	<meta name="twitter:data1" content="2 minutes" />
<script type="application/ld+json" class="yoast-schema-graph">{"@context":"https://schema.org","@graph":[{"@type":"WebPage","@id":"https://www.masferranpals.com/fr/plages/illa-roja-begur/","url":"https://www.masferranpals.com/fr/plages/illa-roja-begur/","name":"ILLA ROJA, Begur - Mas Ferran Pals","isPartOf":{"@id":"https://www.masferranpals.com/fr/#website"},"datePublished":"2020-02-12T16:05:30+00:00","dateModified":"2020-05-01T18:18:47+00:00","breadcrumb":{"@id":"https://www.masferranpals.com/fr/plages/illa-roja-begur/#breadcrumb"},"inLanguage":"fr-FR","potentialAction":[{"@type":"ReadAction","target":["https://www.masferranpals.com/fr/plages/illa-roja-begur/"]}]},{"@type":"BreadcrumbList","@id":"https://www.masferranpals.com/fr/plages/illa-roja-begur/#breadcrumb","itemListElement":[{"@type":"ListItem","position":1,"name":"Home","item":"https://www.masferranpals.com/fr/"},{"@type":"ListItem","position":2,"name":"Plages","item":"https://www.masferranpals.com/fr/plages/"},{"@type":"ListItem","position":3,"name":"ILLA ROJA, Begur"}]},{"@type":"WebSite","@id":"https://www.masferranpals.com/fr/#website","url":"https://www.masferranpals.com/fr/","name":"Mas Ferran Pals","description":"Habitacions en un espai privilegiat a l’Empordà.","potentialAction":[{"@type":"SearchAction","target":{"@type":"EntryPoint","urlTemplate":"https://www.masferranpals.com/fr/?s={search_term_string}"},"query-input":{"@type":"PropertyValueSpecification","valueRequired":true,"valueName":"search_term_string"}}],"inLanguage":"fr-FR"}]}</script>
<!-- / Yoast SEO plugin. -->

Habitacions en un espai privilegiat a l’Empordà.
