{"id":3595,"date":"2020-02-12T17:12:55","date_gmt":"2020-02-12T16:12:55","guid":{"rendered":"https:\/\/www.masferranpals.com\/?page_id=3595"},"modified":"2020-05-08T22:27:02","modified_gmt":"2020-05-08T21:27:02","slug":"platja-gran-de-pals-pals","status":"publish","type":"page","link":"https:\/\/www.masferranpals.com\/fr\/plages\/platja-gran-de-pals-pals\/","title":{"rendered":"PLATJA GRAN DE PALS, Pals"},"content":{"rendered":"\n<style type=\"text\/css\" data-created_by=\"avia_inline_auto\" id=\"style-css-av-cctim-6bc23355add449a9ab9f1d61b3fc125f\">\n.flex_column.av-cctim-6bc23355add449a9ab9f1d61b3fc125f{\nborder-radius:0px 0px 0px 0px;\npadding:0px 0px 0px 0px;\n}\n<\/style>\n<div  class='flex_column av-cctim-6bc23355add449a9ab9f1d61b3fc125f av_one_full  avia-builder-el-0  el_before_av_one_half  avia-builder-el-first  first flex_column_div av-zero-column-padding  '     ><style type=\"text\/css\" data-created_by=\"avia_inline_auto\" id=\"style-css-av-k6j0nczl-0455de5c0476ca57261096399f5e7651\">\n#top .av-special-heading.av-k6j0nczl-0455de5c0476ca57261096399f5e7651{\npadding-bottom:5px;\n}\nbody .av-special-heading.av-k6j0nczl-0455de5c0476ca57261096399f5e7651 .av-special-heading-tag .heading-char{\nfont-size:25px;\n}\n.av-special-heading.av-k6j0nczl-0455de5c0476ca57261096399f5e7651 .av-subheading{\nfont-size:15px;\n}\n<\/style>\n<div  class='av-special-heading av-k6j0nczl-0455de5c0476ca57261096399f5e7651 av-special-heading-h1  avia-builder-el-1  avia-builder-el-no-sibling '><h1 class='av-special-heading-tag '  itemprop=\"headline\"  >PLATJA GRAN DE PALS, Pals<\/h1><div class=\"special-heading-border\"><div class=\"special-heading-inner-border\"><\/div><\/div><\/div><\/div>\n\n<style type=\"text\/css\" data-created_by=\"avia_inline_auto\" id=\"style-css-av-1qp42-dd2f184ed8b74bf9d1baeb6ae2f44109\">\n.flex_column.av-1qp42-dd2f184ed8b74bf9d1baeb6ae2f44109{\nborder-radius:0px 0px 0px 0px;\npadding:0px 0px 0px 0px;\n}\n<\/style>\n<div  class='flex_column av-1qp42-dd2f184ed8b74bf9d1baeb6ae2f44109 av_one_half  avia-builder-el-2  el_after_av_one_full  el_before_av_one_half  first flex_column_div av-zero-column-padding  column-top-margin'     ><section  class='av_textblock_section av-asgcm-90f7fc53c1727e0ec304c8a74233f53d '   itemscope=\"itemscope\" itemtype=\"https:\/\/schema.org\/CreativeWork\" ><div class='avia_textblock'  itemprop=\"text\" ><p lang=\"ca-ES\"><strong>Une immense plage, de plus de 2,4 km de long, qui combine une zone plus urbanis\u00e9e et avec de nombreux services avec une autre de pratiquement vierge, dans laquelle les dunes et les itin\u00e9raires se distinguent que nous pouvons faire \u00e0 pied ou \u00e0 v\u00e9lo. <\/strong><\/p>\n<p lang=\"ca-ES\">Jusqu&rsquo;\u00e0 il y a quelques ann\u00e9es, il y avait les antennes de Radio Liberty, que le gouvernement am\u00e9ricain a utilis\u00e9es pendant la guerre froide pour diffuser de la propagande dans les pays communistes du bloc de l&rsquo;Union sovi\u00e9tique.<\/p>\n<p lang=\"ca-ES\">Maintenant, sans les antennes, cet espace a \u00e9t\u00e9 pr\u00e9serv\u00e9 de la sp\u00e9culation urbaine et est un environnement naturel.<\/p>\n<p lang=\"ca-ES\">\u00c9galement expos\u00e9 aux vagues et avec une entr\u00e9e raide \u00e0 l&rsquo;eau, le parking le plus proche est payant.<\/p>\n<p lang=\"ca-ES\">La plage forme une continuit\u00e9 avec celle d&rsquo;El Grau (Pals) et le Rac\u00f3 (Begur).<\/p>\n<\/div><\/section><\/div>\n\n<style type=\"text\/css\" data-created_by=\"avia_inline_auto\" id=\"style-css-av-qj12-2f81ef96171b8e1f27e1205f17309016\">\n.flex_column.av-qj12-2f81ef96171b8e1f27e1205f17309016{\nborder-radius:0px 0px 0px 0px;\npadding:0px 0px 0px 0px;\n}\n<\/style>\n<div  class='flex_column av-qj12-2f81ef96171b8e1f27e1205f17309016 av_one_half  avia-builder-el-4  el_after_av_one_half  avia-builder-el-last  flex_column_div av-zero-column-padding  column-top-margin'     ><p>\n<style type=\"text\/css\" data-created_by=\"avia_inline_auto\" id=\"style-css-av-k9ypmknv-6d0783bbca57a3755ed3533564886607\">\n#top .hr.hr-invisible.av-k9ypmknv-6d0783bbca57a3755ed3533564886607{\nheight:10px;\n}\n<\/style>\n<div  class='hr av-k9ypmknv-6d0783bbca57a3755ed3533564886607 hr-invisible  avia-builder-el-5  el_before_av_image  avia-builder-el-first '><span class='hr-inner '><span class=\"hr-inner-style\"><\/span><\/span><\/div><br \/>\n\n<style type=\"text\/css\" data-created_by=\"avia_inline_auto\" id=\"style-css-av-k6j0bfin-b0ecd1847a1e817fdf51ae0c534b3d4b\">\n.avia-image-container.av-k6j0bfin-b0ecd1847a1e817fdf51ae0c534b3d4b img.avia_image{\nbox-shadow:none;\n}\n.avia-image-container.av-k6j0bfin-b0ecd1847a1e817fdf51ae0c534b3d4b .av-image-caption-overlay-center{\ncolor:#ffffff;\n}\n<\/style>\n<div  class='avia-image-container av-k6j0bfin-b0ecd1847a1e817fdf51ae0c534b3d4b av-styling- avia-align-center  avia-builder-el-6  el_after_av_hr  avia-builder-el-last '   itemprop=\"image\" itemscope=\"itemscope\" itemtype=\"https:\/\/schema.org\/ImageObject\" ><div class=\"avia-image-container-inner\"><div class=\"avia-image-overlay-wrap\"><img decoding=\"async\" fetchpriority=\"high\" class='wp-image-5976 avia-img-lazy-loading-not-5976 avia_image ' src=\"https:\/\/www.masferranpals.com\/wp-content\/uploads\/2020\/02\/platja-gran-de-pals-1-495x363.jpg\" alt='' title='Platja gran de Pals'  height=\"363\" width=\"495\"  itemprop=\"thumbnailUrl\"  \/><\/div><\/div><\/div><\/p><\/div>\n","protected":false},"excerpt":{"rendered":"","protected":false},"author":4,"featured_media":0,"parent":3558,"menu_order":0,"comment_status":"closed","ping_status":"closed","template":"","meta":{"footnotes":""},"class_list":["post-3595","page","type-page","status-publish","hentry"],"yoast_head":"<!-- This site is optimized with the Yoast SEO plugin v27.0 - https:\/\/yoast.com\/product\/yoast-seo-wordpress\/ -->\n<title>PLATJA GRAN DE PALS, Pals - Mas Ferran Pals<\/title>\n<meta name=\"robots\" content=\"index, follow, max-snippet:-1, max-image-preview:large, max-video-preview:-1\" \/>\n<link rel=\"canonical\" href=\"https:\/\/www.masferranpals.com\/fr\/plages\/platja-gran-de-pals-pals\/\" \/>\n<meta property=\"og:locale\" content=\"fr_FR\" \/>\n<meta property=\"og:type\" content=\"article\" \/>\n<meta property=\"og:title\" content=\"PLATJA GRAN DE PALS, Pals - Mas Ferran Pals\" \/>\n<meta property=\"og:url\" content=\"https:\/\/www.masferranpals.com\/fr\/plages\/platja-gran-de-pals-pals\/\" \/>\n<meta property=\"og:site_name\" content=\"Mas Ferran Pals\" \/>\n<meta property=\"article:modified_time\" content=\"2020-05-08T21:27:02+00:00\" \/>\n<meta name=\"twitter:card\" content=\"summary_large_image\" \/>\n<meta name=\"twitter:label1\" content=\"Dur\u00e9e de lecture estim\u00e9e\" \/>\n\t<meta name=\"twitter:data1\" content=\"3 minutes\" \/>\n<script type=\"application\/ld+json\" class=\"yoast-schema-graph\">{\"@context\":\"https:\/\/schema.org\",\"@graph\":[{\"@type\":\"WebPage\",\"@id\":\"https:\/\/www.masferranpals.com\/fr\/plages\/platja-gran-de-pals-pals\/\",\"url\":\"https:\/\/www.masferranpals.com\/fr\/plages\/platja-gran-de-pals-pals\/\",\"name\":\"PLATJA GRAN DE PALS, Pals - Mas Ferran Pals\",\"isPartOf\":{\"@id\":\"https:\/\/www.masferranpals.com\/fr\/#website\"},\"datePublished\":\"2020-02-12T16:12:55+00:00\",\"dateModified\":\"2020-05-08T21:27:02+00:00\",\"breadcrumb\":{\"@id\":\"https:\/\/www.masferranpals.com\/fr\/plages\/platja-gran-de-pals-pals\/#breadcrumb\"},\"inLanguage\":\"fr-FR\",\"potentialAction\":[{\"@type\":\"ReadAction\",\"target\":[\"https:\/\/www.masferranpals.com\/fr\/plages\/platja-gran-de-pals-pals\/\"]}]},{\"@type\":\"BreadcrumbList\",\"@id\":\"https:\/\/www.masferranpals.com\/fr\/plages\/platja-gran-de-pals-pals\/#breadcrumb\",\"itemListElement\":[{\"@type\":\"ListItem\",\"position\":1,\"name\":\"Home\",\"item\":\"https:\/\/www.masferranpals.com\/fr\/\"},{\"@type\":\"ListItem\",\"position\":2,\"name\":\"Plages\",\"item\":\"https:\/\/www.masferranpals.com\/fr\/plages\/\"},{\"@type\":\"ListItem\",\"position\":3,\"name\":\"PLATJA GRAN DE PALS, Pals\"}]},{\"@type\":\"WebSite\",\"@id\":\"https:\/\/www.masferranpals.com\/fr\/#website\",\"url\":\"https:\/\/www.masferranpals.com\/fr\/\",\"name\":\"Mas Ferran Pals\",\"description\":\"Habitacions en un espai privilegiat a l\u2019Empord\u00e0.\",\"potentialAction\":[{\"@type\":\"SearchAction\",\"target\":{\"@type\":\"EntryPoint\",\"urlTemplate\":\"https:\/\/www.masferranpals.com\/fr\/?s={search_term_string}\"},\"query-input\":{\"@type\":\"PropertyValueSpecification\",\"valueRequired\":true,\"valueName\":\"search_term_string\"}}],\"inLanguage\":\"fr-FR\"}]}<\/script>\n<!-- \/ Yoast SEO plugin. -->","yoast_head_json":{"title":"PLATJA GRAN DE PALS, Pals - Mas Ferran Pals","robots":{"index":"index","follow":"follow","max-snippet":"max-snippet:-1","max-image-preview":"max-image-preview:large","max-video-preview":"max-video-preview:-1"},"canonical":"https:\/\/www.masferranpals.com\/fr\/plages\/platja-gran-de-pals-pals\/","og_locale":"fr_FR","og_type":"article","og_title":"PLATJA GRAN DE PALS, Pals - Mas Ferran Pals","og_url":"https:\/\/www.masferranpals.com\/fr\/plages\/platja-gran-de-pals-pals\/","og_site_name":"Mas Ferran Pals","article_modified_time":"2020-05-08T21:27:02+00:00","twitter_card":"summary_large_image","twitter_misc":{"Dur\u00e9e de lecture estim\u00e9e":"3 minutes"},"schema":{"@context":"https:\/\/schema.org","@graph":[{"@type":"WebPage","@id":"https:\/\/www.masferranpals.com\/fr\/plages\/platja-gran-de-pals-pals\/","url":"https:\/\/www.masferranpals.com\/fr\/plages\/platja-gran-de-pals-pals\/","name":"PLATJA GRAN DE PALS, Pals - Mas Ferran Pals","isPartOf":{"@id":"https:\/\/www.masferranpals.com\/fr\/#website"},"datePublished":"2020-02-12T16:12:55+00:00","dateModified":"2020-05-08T21:27:02+00:00","breadcrumb":{"@id":"https:\/\/www.masferranpals.com\/fr\/plages\/platja-gran-de-pals-pals\/#breadcrumb"},"inLanguage":"fr-FR","potentialAction":[{"@type":"ReadAction","target":["https:\/\/www.masferranpals.com\/fr\/plages\/platja-gran-de-pals-pals\/"]}]},{"@type":"BreadcrumbList","@id":"https:\/\/www.masferranpals.com\/fr\/plages\/platja-gran-de-pals-pals\/#breadcrumb","itemListElement":[{"@type":"ListItem","position":1,"name":"Home","item":"https:\/\/www.masferranpals.com\/fr\/"},{"@type":"ListItem","position":2,"name":"Plages","item":"https:\/\/www.masferranpals.com\/fr\/plages\/"},{"@type":"ListItem","position":3,"name":"PLATJA GRAN DE PALS, Pals"}]},{"@type":"WebSite","@id":"https:\/\/www.masferranpals.com\/fr\/#website","url":"https:\/\/www.masferranpals.com\/fr\/","name":"Mas Ferran Pals","description":"Habitacions en un espai privilegiat a l\u2019Empord\u00e0.","potentialAction":[{"@type":"SearchAction","target":{"@type":"EntryPoint","urlTemplate":"https:\/\/www.masferranpals.com\/fr\/?s={search_term_string}"},"query-input":{"@type":"PropertyValueSpecification","valueRequired":true,"valueName":"search_term_string"}}],"inLanguage":"fr-FR"}]}},"_links":{"self":[{"href":"https:\/\/www.masferranpals.com\/fr\/wp-json\/wp\/v2\/pages\/3595","targetHints":{"allow":["GET"]}}],"collection":[{"href":"https:\/\/www.masferranpals.com\/fr\/wp-json\/wp\/v2\/pages"}],"about":[{"href":"https:\/\/www.masferranpals.com\/fr\/wp-json\/wp\/v2\/types\/page"}],"author":[{"embeddable":true,"href":"https:\/\/www.masferranpals.com\/fr\/wp-json\/wp\/v2\/users\/4"}],"replies":[{"embeddable":true,"href":"https:\/\/www.masferranpals.com\/fr\/wp-json\/wp\/v2\/comments?post=3595"}],"version-history":[{"count":5,"href":"https:\/\/www.masferranpals.com\/fr\/wp-json\/wp\/v2\/pages\/3595\/revisions"}],"predecessor-version":[{"id":7237,"href":"https:\/\/www.masferranpals.com\/fr\/wp-json\/wp\/v2\/pages\/3595\/revisions\/7237"}],"up":[{"embeddable":true,"href":"https:\/\/www.masferranpals.com\/fr\/wp-json\/wp\/v2\/pages\/3558"}],"wp:attachment":[{"href":"https:\/\/www.masferranpals.com\/fr\/wp-json\/wp\/v2\/media?parent=3595"}],"curies":[{"name":"wp","href":"https:\/\/api.w.org\/{rel}","templated":true}]}}

<style type="text/css" data-created_by="avia_inline_auto" id="style-css-av-cctim-6bc23355add449a9ab9f1d61b3fc125f">
.flex_column.av-cctim-6bc23355add449a9ab9f1d61b3fc125f{
border-radius:0px 0px 0px 0px;
padding:0px 0px 0px 0px;
}
</style>
<div  class='flex_column av-cctim-6bc23355add449a9ab9f1d61b3fc125f av_one_full  avia-builder-el-0  el_before_av_one_half  avia-builder-el-first  first flex_column_div av-zero-column-padding  '     ><style type="text/css" data-created_by="avia_inline_auto" id="style-css-av-k6j0nczl-0455de5c0476ca57261096399f5e7651">
#top .av-special-heading.av-k6j0nczl-0455de5c0476ca57261096399f5e7651{
padding-bottom:5px;
}
body .av-special-heading.av-k6j0nczl-0455de5c0476ca57261096399f5e7651 .av-special-heading-tag .heading-char{
font-size:25px;
}
.av-special-heading.av-k6j0nczl-0455de5c0476ca57261096399f5e7651 .av-subheading{
font-size:15px;
}
</style>
<div  class='av-special-heading av-k6j0nczl-0455de5c0476ca57261096399f5e7651 av-special-heading-h1  avia-builder-el-1  avia-builder-el-no-sibling '><h1 class='av-special-heading-tag '  itemprop="headline"  >PLATJA GRAN DE PALS, Pals</h1><div class="special-heading-border"><div class="special-heading-inner-border"></div></div></div></div>

<style type="text/css" data-created_by="avia_inline_auto" id="style-css-av-1qp42-dd2f184ed8b74bf9d1baeb6ae2f44109">
.flex_column.av-1qp42-dd2f184ed8b74bf9d1baeb6ae2f44109{
border-radius:0px 0px 0px 0px;
padding:0px 0px 0px 0px;
}
</style>
<div  class='flex_column av-1qp42-dd2f184ed8b74bf9d1baeb6ae2f44109 av_one_half  avia-builder-el-2  el_after_av_one_full  el_before_av_one_half  first flex_column_div av-zero-column-padding  column-top-margin'     ><section  class='av_textblock_section av-asgcm-90f7fc53c1727e0ec304c8a74233f53d '   itemscope="itemscope" itemtype="https://schema.org/CreativeWork" ><div class='avia_textblock'  itemprop="text" ><p lang="ca-ES"><strong>Une immense plage, de plus de 2,4 km de long, qui combine une zone plus urbanisée et avec de nombreux services avec une autre de pratiquement vierge, dans laquelle les dunes et les itinéraires se distinguent que nous pouvons faire à pied ou à vélo. </strong></p>
<p lang="ca-ES">Jusqu&rsquo;à il y a quelques années, il y avait les antennes de Radio Liberty, que le gouvernement américain a utilisées pendant la guerre froide pour diffuser de la propagande dans les pays communistes du bloc de l&rsquo;Union soviétique.</p>
<p lang="ca-ES">Maintenant, sans les antennes, cet espace a été préservé de la spéculation urbaine et est un environnement naturel.</p>
<p lang="ca-ES">Également exposé aux vagues et avec une entrée raide à l&rsquo;eau, le parking le plus proche est payant.</p>
<p lang="ca-ES">La plage forme une continuité avec celle d&rsquo;El Grau (Pals) et le Racó (Begur).</p>
</div></section></div>

<style type="text/css" data-created_by="avia_inline_auto" id="style-css-av-qj12-2f81ef96171b8e1f27e1205f17309016">
.flex_column.av-qj12-2f81ef96171b8e1f27e1205f17309016{
border-radius:0px 0px 0px 0px;
padding:0px 0px 0px 0px;
}
</style>
<div  class='flex_column av-qj12-2f81ef96171b8e1f27e1205f17309016 av_one_half  avia-builder-el-4  el_after_av_one_half  avia-builder-el-last  flex_column_div av-zero-column-padding  column-top-margin'     ><p>
<style type="text/css" data-created_by="avia_inline_auto" id="style-css-av-k9ypmknv-6d0783bbca57a3755ed3533564886607">
#top .hr.hr-invisible.av-k9ypmknv-6d0783bbca57a3755ed3533564886607{
height:10px;
}
</style>
<div  class='hr av-k9ypmknv-6d0783bbca57a3755ed3533564886607 hr-invisible  avia-builder-el-5  el_before_av_image  avia-builder-el-first '><span class='hr-inner '><span class="hr-inner-style"></span></span></div><br />

<style type="text/css" data-created_by="avia_inline_auto" id="style-css-av-k6j0bfin-b0ecd1847a1e817fdf51ae0c534b3d4b">
.avia-image-container.av-k6j0bfin-b0ecd1847a1e817fdf51ae0c534b3d4b img.avia_image{
box-shadow:none;
}
.avia-image-container.av-k6j0bfin-b0ecd1847a1e817fdf51ae0c534b3d4b .av-image-caption-overlay-center{
color:#ffffff;
}
</style>
<div  class='avia-image-container av-k6j0bfin-b0ecd1847a1e817fdf51ae0c534b3d4b av-styling- avia-align-center  avia-builder-el-6  el_after_av_hr  avia-builder-el-last '   itemprop="image" itemscope="itemscope" itemtype="https://schema.org/ImageObject" ><div class="avia-image-container-inner"><div class="avia-image-overlay-wrap"><img decoding="async" fetchpriority="high" class='wp-image-5976 avia-img-lazy-loading-not-5976 avia_image ' src="https://www.masferranpals.com/wp-content/uploads/2020/02/platja-gran-de-pals-1-495x363.jpg" alt='' title='Platja gran de Pals'  height="363" width="495"  itemprop="thumbnailUrl"  /></div></div></div></p></div>

<!-- This site is optimized with the Yoast SEO plugin v27.0 - https://yoast.com/product/yoast-seo-wordpress/ -->
<title>PLATJA GRAN DE PALS, Pals - Mas Ferran Pals</title>
<meta name="robots" content="index, follow, max-snippet:-1, max-image-preview:large, max-video-preview:-1" />
<link rel="canonical" href="https://www.masferranpals.com/fr/plages/platja-gran-de-pals-pals/" />
<meta property="og:locale" content="fr_FR" />
<meta property="og:type" content="article" />
<meta property="og:title" content="PLATJA GRAN DE PALS, Pals - Mas Ferran Pals" />
<meta property="og:url" content="https://www.masferranpals.com/fr/plages/platja-gran-de-pals-pals/" />
<meta property="og:site_name" content="Mas Ferran Pals" />
<meta property="article:modified_time" content="2020-05-08T21:27:02+00:00" />
<meta name="twitter:card" content="summary_large_image" />
<meta name="twitter:label1" content="Durée de lecture estimée" />
	<meta name="twitter:data1" content="3 minutes" />
<script type="application/ld+json" class="yoast-schema-graph">{"@context":"https://schema.org","@graph":[{"@type":"WebPage","@id":"https://www.masferranpals.com/fr/plages/platja-gran-de-pals-pals/","url":"https://www.masferranpals.com/fr/plages/platja-gran-de-pals-pals/","name":"PLATJA GRAN DE PALS, Pals - Mas Ferran Pals","isPartOf":{"@id":"https://www.masferranpals.com/fr/#website"},"datePublished":"2020-02-12T16:12:55+00:00","dateModified":"2020-05-08T21:27:02+00:00","breadcrumb":{"@id":"https://www.masferranpals.com/fr/plages/platja-gran-de-pals-pals/#breadcrumb"},"inLanguage":"fr-FR","potentialAction":[{"@type":"ReadAction","target":["https://www.masferranpals.com/fr/plages/platja-gran-de-pals-pals/"]}]},{"@type":"BreadcrumbList","@id":"https://www.masferranpals.com/fr/plages/platja-gran-de-pals-pals/#breadcrumb","itemListElement":[{"@type":"ListItem","position":1,"name":"Home","item":"https://www.masferranpals.com/fr/"},{"@type":"ListItem","position":2,"name":"Plages","item":"https://www.masferranpals.com/fr/plages/"},{"@type":"ListItem","position":3,"name":"PLATJA GRAN DE PALS, Pals"}]},{"@type":"WebSite","@id":"https://www.masferranpals.com/fr/#website","url":"https://www.masferranpals.com/fr/","name":"Mas Ferran Pals","description":"Habitacions en un espai privilegiat a l’Empordà.","potentialAction":[{"@type":"SearchAction","target":{"@type":"EntryPoint","urlTemplate":"https://www.masferranpals.com/fr/?s={search_term_string}"},"query-input":{"@type":"PropertyValueSpecification","valueRequired":true,"valueName":"search_term_string"}}],"inLanguage":"fr-FR"}]}</script>
<!-- / Yoast SEO plugin. -->

Habitacions en un espai privilegiat a l’Empordà.
